{"id":207,"date":"2020-11-20T18:27:25","date_gmt":"2020-11-20T18:27:25","guid":{"rendered":"https:\/\/riterm.org\/index\/?page_id=207"},"modified":"2023-06-01T11:52:48","modified_gmt":"2023-06-01T11:52:48","slug":"adhesio","status":"publish","type":"page","link":"https:\/\/riterm.org\/index.php\/adhesio\/","title":{"rendered":"Adhesi\u00f3"},"content":{"rendered":"\n<div class=\"wp-block-cover\" style=\"min-height:270px;aspect-ratio:unset;\"><span aria-hidden=\"true\" class=\"wp-block-cover__background has-background-dim-70 has-background-dim\"><\/span><img loading=\"lazy\" decoding=\"async\" width=\"2560\" height=\"1703\" class=\"wp-block-cover__image-background wp-image-259\" alt=\"\" src=\"https:\/\/riterm.org\/wp-content\/uploads\/2020\/11\/portug.jpg\" data-object-fit=\"cover\" srcset=\"https:\/\/riterm.org\/wp-content\/uploads\/2020\/11\/portug.jpg 2560w, https:\/\/riterm.org\/wp-content\/uploads\/2020\/11\/portug-300x200.jpg 300w, https:\/\/riterm.org\/wp-content\/uploads\/2020\/11\/portug-1024x681.jpg 1024w, https:\/\/riterm.org\/wp-content\/uploads\/2020\/11\/portug-768x511.jpg 768w, https:\/\/riterm.org\/wp-content\/uploads\/2020\/11\/portug-1536x1022.jpg 1536w, https:\/\/riterm.org\/wp-content\/uploads\/2020\/11\/portug-2048x1362.jpg 2048w\" sizes=\"auto, (max-width: 2560px) 100vw, 2560px\" \/><div class=\"wp-block-cover__inner-container is-layout-flow wp-block-cover-is-layout-flow\">\n<p class=\"has-text-align-center\" style=\"font-size:50px\">Adhesi\u00f3<\/p>\n<\/div><\/div>\n\n\n\n<hr class=\"wp-block-separator has-css-opacity is-style-wide\"\/>\n\n\n\n<p id=\"h.p_oLK6CNVFMBMb\">Podran ser membres de RITerm professionals, professors, investigadors, estudiants de postgrau o institucions que treballen en l\u2019\u00e0rea de la terminologia i en \u00e0rees relacionades, com la Traducci\u00f3 o la Documentaci\u00f3, entre altres.<\/p>\n\n\n\n<p id=\"h.p_LM4JnEKjMC7A\">Per a participar, el sol\u00b7licitant haur\u00e0 d\u2019emplenar el formulari de membres&nbsp;&nbsp;<a rel=\"noreferrer noopener\" href=\"https:\/\/docs.google.com\/forms\/d\/e\/1FAIpQLSctgBKRnNKpsN3lWmMU_HV2EFixbQGSkyUdwYxfc_g7xE_sDQ\/viewform\" target=\"_blank\"><strong>individuals<\/strong><\/a>&nbsp;o&nbsp;<a rel=\"noreferrer noopener\" href=\"https:\/\/docs.google.com\/forms\/u\/3\/d\/e\/1FAIpQLSd3SFRaC0d-LWDt90CJQKlvXajpeX4JwMWSlEammDr8I51kfA\/viewform\" target=\"_blank\"><strong>institucional<\/strong>s<\/a>&nbsp;i fer clic a enviar.<\/p>\n\n\n\n<p id=\"h.p_WTY-ay_wMC7B\">Els membres del Comit\u00e8 Executiu avaluaran el formulari. S\u2019enviar\u00e0 la resposta per correu electr\u00f2nic al solicitant.<\/p>\n\n\n\n<p id=\"h.p_B88fZHekMC7C\">Amb la reestructuraci\u00f3 de RITerm, a l\u2019Assamblea General, celebrada durant el XII Simposi Iberoameric\u00e0 de Terminologia,es va decidir anular el cobrament de les cuotes anuals als socis, ja siguin antics o nous.<\/p>\n","protected":false},"excerpt":{"rendered":"<p>Podran ser membres de RITerm professionals, professors, investigadors, estudiants de postgrau o institucions que treballen en l\u2019\u00e0rea de la terminologia i en \u00e0rees relacionades, com la Traducci\u00f3 o la Documentaci\u00f3, entre altres. Per a participar, el sol\u00b7licitant haur\u00e0 d\u2019emplenar el formulari de membres&nbsp;&nbsp;individuals&nbsp;o&nbsp;institucionals&nbsp;i fer clic a enviar. Els membres del Comit\u00e8 Executiu avaluaran el formulari. [&hellip;]<\/p>\n","protected":false},"author":1,"featured_media":0,"parent":0,"menu_order":0,"comment_status":"closed","ping_status":"closed","template":"","meta":{"footnotes":""},"class_list":["post-207","page","type-page","status-publish","hentry"],"_links":{"self":[{"href":"https:\/\/riterm.org\/index.php\/wp-json\/wp\/v2\/pages\/207","targetHints":{"allow":["GET"]}}],"collection":[{"href":"https:\/\/riterm.org\/index.php\/wp-json\/wp\/v2\/pages"}],"about":[{"href":"https:\/\/riterm.org\/index.php\/wp-json\/wp\/v2\/types\/page"}],"author":[{"embeddable":true,"href":"https:\/\/riterm.org\/index.php\/wp-json\/wp\/v2\/users\/1"}],"replies":[{"embeddable":true,"href":"https:\/\/riterm.org\/index.php\/wp-json\/wp\/v2\/comments?post=207"}],"version-history":[{"count":4,"href":"https:\/\/riterm.org\/index.php\/wp-json\/wp\/v2\/pages\/207\/revisions"}],"predecessor-version":[{"id":604,"href":"https:\/\/riterm.org\/index.php\/wp-json\/wp\/v2\/pages\/207\/revisions\/604"}],"wp:attachment":[{"href":"https:\/\/riterm.org\/index.php\/wp-json\/wp\/v2\/media?parent=207"}],"curies":[{"name":"wp","href":"https:\/\/api.w.org\/{rel}","templated":true}]}}