{"id":191,"date":"2020-11-20T18:13:20","date_gmt":"2020-11-20T18:13:20","guid":{"rendered":"https:\/\/riterm.org\/index\/?page_id=191"},"modified":"2021-09-23T21:40:31","modified_gmt":"2021-09-23T21:40:31","slug":"qui-som","status":"publish","type":"page","link":"https:\/\/riterm.org\/index.php\/qui-som\/","title":{"rendered":"Qui som?"},"content":{"rendered":"\n<div class=\"wp-block-cover has-background-dim\" style=\"background-image:url(https:\/\/riterm.org\/wp-content\/uploads\/2020\/11\/catala.jpg)\"><div class=\"wp-block-cover__inner-container is-layout-flow wp-block-cover-is-layout-flow\">\n<p class=\"has-text-align-center\" style=\"font-size:50px\">Qui som?<\/p>\n<\/div><\/div>\n\n\n\n<hr class=\"wp-block-separator is-style-wide\"\/>\n\n\n\n<p id=\"h.p_JYAAHKgpIypS\">Creada l\u2019any 1988, la Xarxa Iberoamericana de Terminologia (RITerm) \u00e9s una xarxa d\u2019intercanvi i de treball en l\u2019\u00e0rea de la terminologia. RITerm t\u00e9 per objectiu establir un canal de cooperaci\u00f3 entre els seus membres per consolidar les terminologies en els pa\u00efsos de parla espanyola, catalana i portuguesa.<\/p>\n\n\n\n<p id=\"h.p_pWgCl5VAI0X0\"><strong>RITerm actua en les \u00e0rees seg\u00fcents:<\/strong><\/p>\n\n\n\n<ul class=\"wp-block-list\"><li>Realitzaci\u00f3 d\u2019un Simposi de Terminologia, amb una periodicitat de dos anys, organitzat conjuntament amb l\u2019Assamblea General. La informaci\u00f3 sobre els diferent simposis es troba a l\u2019apartat Simposi del men\u00fa.<\/li><li>Publicaci\u00f3 de la revista Debate Terminol\u00f3gico.<\/li><li>Recopilaci\u00f3 i intercanvi d\u2019informaci\u00f3 terminol\u00f2gica i factogr\u00e0fica entre els membres de la xarxa per fonamentar la compatibilitat entre sistemes, formats, instruments metodol\u00f2gics, etc., en l\u2019\u00e0rea de terminologia.<\/li><li>Cooperaci\u00f3 per a planificar i desenvolupar projectes relacionats amb l\u2019\u00e0rea de terminologia o enginyeria del coneixement, bancs de dades terminol\u00f2gics, lexicogr\u00e0fics, textuals, etc., ling\u00fc\u00edstica computacional, inform\u00e0tica aplicada a la terminologia, planificaci\u00f3 terminol\u00f2gica, etc.<\/li><li>Colaboraci\u00f3 en els programes de formaci\u00f3 en terminologia dels membres de la Xarxa, per promoure el desenvolupament i la difusi\u00f3 de la terminologia com a disciplina, mitjan\u00e7ant programes acad\u00e8mics, pr\u00e0ctiques professionals, trobades, butlletins informatius, etc.<\/li><\/ul>\n","protected":false},"excerpt":{"rendered":"<p>Creada l\u2019any 1988, la Xarxa Iberoamericana de Terminologia (RITerm) \u00e9s una xarxa d\u2019intercanvi i de treball en l\u2019\u00e0rea de la terminologia. RITerm t\u00e9 per objectiu establir un canal de cooperaci\u00f3 entre els seus membres per consolidar les terminologies en els pa\u00efsos de parla espanyola, catalana i portuguesa. RITerm actua en les \u00e0rees seg\u00fcents: Realitzaci\u00f3 d\u2019un [&hellip;]<\/p>\n","protected":false},"author":1,"featured_media":0,"parent":0,"menu_order":0,"comment_status":"closed","ping_status":"closed","template":"","meta":{"footnotes":""},"class_list":["post-191","page","type-page","status-publish","hentry"],"_links":{"self":[{"href":"https:\/\/riterm.org\/index.php\/wp-json\/wp\/v2\/pages\/191","targetHints":{"allow":["GET"]}}],"collection":[{"href":"https:\/\/riterm.org\/index.php\/wp-json\/wp\/v2\/pages"}],"about":[{"href":"https:\/\/riterm.org\/index.php\/wp-json\/wp\/v2\/types\/page"}],"author":[{"embeddable":true,"href":"https:\/\/riterm.org\/index.php\/wp-json\/wp\/v2\/users\/1"}],"replies":[{"embeddable":true,"href":"https:\/\/riterm.org\/index.php\/wp-json\/wp\/v2\/comments?post=191"}],"version-history":[{"count":2,"href":"https:\/\/riterm.org\/index.php\/wp-json\/wp\/v2\/pages\/191\/revisions"}],"predecessor-version":[{"id":365,"href":"https:\/\/riterm.org\/index.php\/wp-json\/wp\/v2\/pages\/191\/revisions\/365"}],"wp:attachment":[{"href":"https:\/\/riterm.org\/index.php\/wp-json\/wp\/v2\/media?parent=191"}],"curies":[{"name":"wp","href":"https:\/\/api.w.org\/{rel}","templated":true}]}}

<div class="wp-block-cover has-background-dim" style="background-image:url(https://riterm.org/wp-content/uploads/2020/11/catala.jpg)"><div class="wp-block-cover__inner-container is-layout-flow wp-block-cover-is-layout-flow">
<p class="has-text-align-center" style="font-size:50px">Qui som?</p>
</div></div>



<hr class="wp-block-separator is-style-wide"/>



<p id="h.p_JYAAHKgpIypS">Creada l’any 1988, la Xarxa Iberoamericana de Terminologia (RITerm) és una xarxa d’intercanvi i de treball en l’àrea de la terminologia. RITerm té per objectiu establir un canal de cooperació entre els seus membres per consolidar les terminologies en els països de parla espanyola, catalana i portuguesa.</p>



<p id="h.p_pWgCl5VAI0X0"><strong>RITerm actua en les àrees següents:</strong></p>



<ul class="wp-block-list"><li>Realització d’un Simposi de Terminologia, amb una periodicitat de dos anys, organitzat conjuntament amb l’Assamblea General. La informació sobre els diferent simposis es troba a l’apartat Simposi del menú.</li><li>Publicació de la revista Debate Terminológico.</li><li>Recopilació i intercanvi d’informació terminològica i factogràfica entre els membres de la xarxa per fonamentar la compatibilitat entre sistemes, formats, instruments metodològics, etc., en l’àrea de terminologia.</li><li>Cooperació per a planificar i desenvolupar projectes relacionats amb l’àrea de terminologia o enginyeria del coneixement, bancs de dades terminològics, lexicogràfics, textuals, etc., lingüística computacional, informàtica aplicada a la terminologia, planificació terminològica, etc.</li><li>Colaboració en els programes de formació en terminologia dels membres de la Xarxa, per promoure el desenvolupament i la difusió de la terminologia com a disciplina, mitjançant programes acadèmics, pràctiques professionals, trobades, butlletins informatius, etc.</li></ul>

<p>Creada l’any 1988, la Xarxa Iberoamericana de Terminologia (RITerm) és una xarxa d’intercanvi i de treball en l’àrea de la terminologia. RITerm té per objectiu establir un canal de cooperació entre els seus membres per consolidar les terminologies en els països de parla espanyola, catalana i portuguesa. RITerm actua en les àrees següents: Realització d’un [&hellip;]</p>
