{"id":160,"date":"2020-11-19T19:07:45","date_gmt":"2020-11-19T19:07:45","guid":{"rendered":"https:\/\/riterm.org\/index\/?page_id=160"},"modified":"2024-04-01T13:36:54","modified_gmt":"2024-04-01T13:36:54","slug":"comite-2","status":"publish","type":"page","link":"https:\/\/riterm.org\/index.php\/comite-2\/","title":{"rendered":"Comit\u00e9"},"content":{"rendered":"\n<div class=\"wp-block-cover\" style=\"min-height:245px;aspect-ratio:unset;\"><span aria-hidden=\"true\" class=\"wp-block-cover__background has-background-dim\"><\/span><img loading=\"lazy\" decoding=\"async\" width=\"2560\" height=\"1703\" class=\"wp-block-cover__image-background wp-image-259\" alt=\"\" src=\"https:\/\/riterm.org\/wp-content\/uploads\/2020\/11\/portug.jpg\" data-object-fit=\"cover\" srcset=\"https:\/\/riterm.org\/wp-content\/uploads\/2020\/11\/portug.jpg 2560w, https:\/\/riterm.org\/wp-content\/uploads\/2020\/11\/portug-300x200.jpg 300w, https:\/\/riterm.org\/wp-content\/uploads\/2020\/11\/portug-1024x681.jpg 1024w, https:\/\/riterm.org\/wp-content\/uploads\/2020\/11\/portug-768x511.jpg 768w, https:\/\/riterm.org\/wp-content\/uploads\/2020\/11\/portug-1536x1022.jpg 1536w, https:\/\/riterm.org\/wp-content\/uploads\/2020\/11\/portug-2048x1362.jpg 2048w\" sizes=\"auto, (max-width: 2560px) 100vw, 2560px\" \/><div class=\"wp-block-cover__inner-container is-layout-flow wp-block-cover-is-layout-flow\">\n<p class=\"has-text-align-center has-white-color has-text-color\" style=\"font-size:50px\">Comit\u00e9 ejecutivo<\/p>\n<\/div><\/div>\n\n\n\n<hr class=\"wp-block-separator has-css-opacity is-style-wide\"\/>\n\n\n\n<h2 class=\"wp-block-heading\" id=\"h.p_m7yOB_sshH0S\">Actual (2023-2025)<\/h2>\n\n\n\n<h3 class=\"wp-block-heading\" id=\"h.p_eJTaaLMShVXk\"><strong>Presidente:<\/strong><\/h3>\n\n\n\n<div class=\"wp-block-columns is-layout-flex wp-container-core-columns-is-layout-9d6595d7 wp-block-columns-is-layout-flex\">\n<div class=\"wp-block-column is-layout-flow wp-block-column-is-layout-flow\" style=\"flex-basis:30%\">\n<p id=\"h.p_BfukiFzshV0A\"><strong>John Jairo Giraldo Ortiz<\/strong><\/p>\n\n\n\n<p id=\"h.p_BfukiFzshV0A\">Universidad de Antioquia, Colombia <\/p>\n<\/div>\n\n\n\n<div class=\"wp-block-column is-layout-flow wp-block-column-is-layout-flow\" style=\"flex-basis:50%\">\n<figure class=\"wp-block-image size-full is-resized\"><img loading=\"lazy\" decoding=\"async\" width=\"250\" height=\"250\" src=\"https:\/\/riterm.org\/wp-content\/uploads\/2024\/04\/johngiraldo.png\" alt=\"\" class=\"wp-image-972\" style=\"object-fit:cover;width:200px;height:200px\" srcset=\"https:\/\/riterm.org\/wp-content\/uploads\/2024\/04\/johngiraldo.png 250w, https:\/\/riterm.org\/wp-content\/uploads\/2024\/04\/johngiraldo-150x150.png 150w\" sizes=\"auto, (max-width: 250px) 100vw, 250px\" \/><\/figure>\n<\/div>\n<\/div>\n\n\n\n<h3 class=\"wp-block-heading\" id=\"h.p_qHgpNWLMhV0C\"><strong>Vicepresidenta:<\/strong><\/h3>\n\n\n\n<div class=\"wp-block-columns is-layout-flex wp-container-core-columns-is-layout-9d6595d7 wp-block-columns-is-layout-flex\">\n<div class=\"wp-block-column is-layout-flow wp-block-column-is-layout-flow\" style=\"flex-basis:30%\">\n<p id=\"h.p_mU4_LyTchV0H\"><strong>Ioana Cornea<\/strong><\/p>\n\n\n\n<p id=\"h.p_mU4_LyTchV0H\">ENALT-Universidad Aut\u00f3noma de M\u00e9xico, M\u00e9xico<\/p>\n<\/div>\n\n\n\n<div class=\"wp-block-column is-layout-flow wp-block-column-is-layout-flow\" style=\"flex-basis:50%\">\n<figure class=\"wp-block-image size-full is-resized\"><img loading=\"lazy\" decoding=\"async\" width=\"250\" height=\"250\" src=\"https:\/\/riterm.org\/wp-content\/uploads\/2024\/04\/CORNEA_FINAL.png\" alt=\"\" class=\"wp-image-980\" style=\"object-fit:cover;width:200px;height:200px\" srcset=\"https:\/\/riterm.org\/wp-content\/uploads\/2024\/04\/CORNEA_FINAL.png 250w, https:\/\/riterm.org\/wp-content\/uploads\/2024\/04\/CORNEA_FINAL-150x150.png 150w\" sizes=\"auto, (max-width: 250px) 100vw, 250px\" \/><\/figure>\n<\/div>\n<\/div>\n\n\n\n<h3 class=\"wp-block-heading\" id=\"h.p_yHSWgfC6hV0G\"><strong>Secretar\u00eda:<\/strong><\/h3>\n\n\n\n<div class=\"wp-block-columns is-layout-flex wp-container-core-columns-is-layout-9d6595d7 wp-block-columns-is-layout-flex\">\n<div class=\"wp-block-column is-layout-flow wp-block-column-is-layout-flow\" style=\"flex-basis:30%\">\n<p><strong>Edmar Peixoto<\/strong><\/p>\n\n\n\n<p>Universidad del Estado de R\u00edo Grande del Norte, Brasil<\/p>\n<\/div>\n\n\n\n<div class=\"wp-block-column is-layout-flow wp-block-column-is-layout-flow\" style=\"flex-basis:50%\">\n<figure class=\"wp-block-image size-full is-resized\"><img loading=\"lazy\" decoding=\"async\" width=\"250\" height=\"250\" src=\"https:\/\/riterm.org\/wp-content\/uploads\/2024\/04\/Edmar_FINAL.png\" alt=\"\" class=\"wp-image-982\" style=\"object-fit:cover;width:200px;height:200px\" srcset=\"https:\/\/riterm.org\/wp-content\/uploads\/2024\/04\/Edmar_FINAL.png 250w, https:\/\/riterm.org\/wp-content\/uploads\/2024\/04\/Edmar_FINAL-150x150.png 150w\" sizes=\"auto, (max-width: 250px) 100vw, 250px\" \/><\/figure>\n<\/div>\n<\/div>\n\n\n\n<div class=\"wp-block-columns is-layout-flex wp-container-core-columns-is-layout-9d6595d7 wp-block-columns-is-layout-flex\">\n<div class=\"wp-block-column is-layout-flow wp-block-column-is-layout-flow\" style=\"flex-basis:30%\">\n<p id=\"h.p_rVB_Vu8PhV0D\"><strong>Gabriel Quiroz<\/strong><\/p>\n\n\n\n<p id=\"h.p_rVB_Vu8PhV0D\">Universidad de Antioquia, Colombia<\/p>\n<\/div>\n\n\n\n<div class=\"wp-block-column is-layout-flow wp-block-column-is-layout-flow\" style=\"flex-basis:50%\">\n<figure class=\"wp-block-image size-full is-resized\"><img loading=\"lazy\" decoding=\"async\" width=\"250\" height=\"250\" src=\"https:\/\/riterm.org\/wp-content\/uploads\/2024\/04\/Quiroz_FINAL.png\" alt=\"\" class=\"wp-image-984\" style=\"object-fit:cover;width:200px;height:200px\" srcset=\"https:\/\/riterm.org\/wp-content\/uploads\/2024\/04\/Quiroz_FINAL.png 250w, https:\/\/riterm.org\/wp-content\/uploads\/2024\/04\/Quiroz_FINAL-150x150.png 150w\" sizes=\"auto, (max-width: 250px) 100vw, 250px\" \/><\/figure>\n<\/div>\n<\/div>\n\n\n\n<h3 class=\"wp-block-heading\" id=\"h.p_rn5_Iwf9hV0I\"><strong>Comunicaciones<\/strong>:<\/h3>\n\n\n\n<div class=\"wp-block-columns is-layout-flex wp-container-core-columns-is-layout-9d6595d7 wp-block-columns-is-layout-flex\">\n<div class=\"wp-block-column is-layout-flow wp-block-column-is-layout-flow\" style=\"flex-basis:30%\">\n<p id=\"h.p_rG_DUJgyhV0J\"><strong>Laia Vidal Saban\u00e9s<\/strong><\/p>\n\n\n\n<p id=\"h.p_rG_DUJgyhV0J\">IULA-Universitat Pompeu Fabra, Espa\u00f1a<\/p>\n<\/div>\n\n\n\n<div class=\"wp-block-column is-layout-flow wp-block-column-is-layout-flow\" style=\"flex-basis:50%\">\n<figure class=\"wp-block-image size-full is-resized\"><img loading=\"lazy\" decoding=\"async\" width=\"250\" height=\"250\" src=\"https:\/\/riterm.org\/wp-content\/uploads\/2024\/04\/Laia_FINAL.png\" alt=\"\" class=\"wp-image-987\" style=\"object-fit:cover;width:200px;height:200px\" srcset=\"https:\/\/riterm.org\/wp-content\/uploads\/2024\/04\/Laia_FINAL.png 250w, https:\/\/riterm.org\/wp-content\/uploads\/2024\/04\/Laia_FINAL-150x150.png 150w\" sizes=\"auto, (max-width: 250px) 100vw, 250px\" \/><\/figure>\n<\/div>\n<\/div>\n\n\n\n<h3 class=\"wp-block-heading\" id=\"h.p_AOMyhq41hV0J\"><strong>Revista Debate Terminol\u00f3gico:<\/strong><\/h3>\n\n\n\n<div class=\"wp-block-columns is-layout-flex wp-container-core-columns-is-layout-9d6595d7 wp-block-columns-is-layout-flex\">\n<div class=\"wp-block-column is-layout-flow wp-block-column-is-layout-flow\" style=\"flex-basis:30%\">\n<p id=\"h.p_FW6H0rGghV0K\"><strong>Jorge L\u00e1zaro<\/strong><\/p>\n\n\n\n<p id=\"h.p_FW6H0rGghV0K\">Universidad Aut\u00f3noma de Baja California, M\u00e9xico<\/p>\n<\/div>\n\n\n\n<div class=\"wp-block-column is-layout-flow wp-block-column-is-layout-flow\" style=\"flex-basis:50%\">\n<figure class=\"wp-block-image size-full is-resized\"><img loading=\"lazy\" decoding=\"async\" width=\"250\" height=\"250\" src=\"https:\/\/riterm.org\/wp-content\/uploads\/2024\/04\/Jorge-Lazaro.png\" alt=\"\" class=\"wp-image-988\" style=\"object-fit:cover;width:200px;height:200px\" srcset=\"https:\/\/riterm.org\/wp-content\/uploads\/2024\/04\/Jorge-Lazaro.png 250w, https:\/\/riterm.org\/wp-content\/uploads\/2024\/04\/Jorge-Lazaro-150x150.png 150w\" sizes=\"auto, (max-width: 250px) 100vw, 250px\" \/><\/figure>\n<\/div>\n<\/div>\n\n\n\n<h3 class=\"wp-block-heading\" id=\"h.p_GsccPpkXhV0K\"><strong>Administrador\/Tesorero<\/strong> <strong>&#8211; Representante del XIX Simposio<\/strong> <\/h3>\n\n\n\n<div class=\"wp-block-columns is-layout-flex wp-container-core-columns-is-layout-9d6595d7 wp-block-columns-is-layout-flex\">\n<div class=\"wp-block-column is-layout-flow wp-block-column-is-layout-flow\" style=\"flex-basis:30%\">\n<p><strong>Jorge M. Porras-Garz\u00f3n<\/strong><\/p>\n\n\n\n<p>Universidad de Antioquia, Colombia<\/p>\n<\/div>\n\n\n\n<div class=\"wp-block-column is-layout-flow wp-block-column-is-layout-flow\" style=\"flex-basis:50%\">\n<figure class=\"wp-block-image size-full is-resized\"><img loading=\"lazy\" decoding=\"async\" width=\"250\" height=\"250\" src=\"https:\/\/riterm.org\/wp-content\/uploads\/2024\/04\/Porras_FINAL.png\" alt=\"\" class=\"wp-image-989\" style=\"object-fit:cover;width:200px;height:200px\" srcset=\"https:\/\/riterm.org\/wp-content\/uploads\/2024\/04\/Porras_FINAL.png 250w, https:\/\/riterm.org\/wp-content\/uploads\/2024\/04\/Porras_FINAL-150x150.png 150w\" sizes=\"auto, (max-width: 250px) 100vw, 250px\" \/><\/figure>\n<\/div>\n<\/div>\n\n\n\n<h2 class=\"wp-block-heading\" id=\"h.p_6bxxmjbShOFO\"><a href=\"https:\/\/sites.google.com\/view\/riterm\/es\/comite?authuser=0#h.p_6bxxmjbShOFO\"><\/a><a href=\"https:\/\/riterm.org\/index.php\/anteriores-3\/\">Anteriores<\/a><\/h2>\n\n\n\n<p><\/p>\n","protected":false},"excerpt":{"rendered":"<p>Actual (2023-2025) Presidente: John Jairo Giraldo Ortiz Universidad de Antioquia, Colombia Vicepresidenta: Ioana Cornea ENALT-Universidad Aut\u00f3noma de M\u00e9xico, M\u00e9xico Secretar\u00eda: Edmar Peixoto Universidad del Estado de R\u00edo Grande del Norte, Brasil Gabriel Quiroz Universidad de Antioquia, Colombia Comunicaciones: Laia Vidal Saban\u00e9s IULA-Universitat Pompeu Fabra, Espa\u00f1a Revista Debate Terminol\u00f3gico: Jorge L\u00e1zaro Universidad Aut\u00f3noma de Baja California, [&hellip;]<\/p>\n","protected":false},"author":1,"featured_media":0,"parent":0,"menu_order":0,"comment_status":"closed","ping_status":"closed","template":"","meta":{"footnotes":""},"class_list":["post-160","page","type-page","status-publish","hentry"],"_links":{"self":[{"href":"https:\/\/riterm.org\/index.php\/wp-json\/wp\/v2\/pages\/160","targetHints":{"allow":["GET"]}}],"collection":[{"href":"https:\/\/riterm.org\/index.php\/wp-json\/wp\/v2\/pages"}],"about":[{"href":"https:\/\/riterm.org\/index.php\/wp-json\/wp\/v2\/types\/page"}],"author":[{"embeddable":true,"href":"https:\/\/riterm.org\/index.php\/wp-json\/wp\/v2\/users\/1"}],"replies":[{"embeddable":true,"href":"https:\/\/riterm.org\/index.php\/wp-json\/wp\/v2\/comments?post=160"}],"version-history":[{"count":19,"href":"https:\/\/riterm.org\/index.php\/wp-json\/wp\/v2\/pages\/160\/revisions"}],"predecessor-version":[{"id":1002,"href":"https:\/\/riterm.org\/index.php\/wp-json\/wp\/v2\/pages\/160\/revisions\/1002"}],"wp:attachment":[{"href":"https:\/\/riterm.org\/index.php\/wp-json\/wp\/v2\/media?parent=160"}],"curies":[{"name":"wp","href":"https:\/\/api.w.org\/{rel}","templated":true}]}}

Comité

<div class="wp-block-cover" style="min-height:245px;aspect-ratio:unset;"><span aria-hidden="true" class="wp-block-cover__background has-background-dim"></span><img loading="lazy" decoding="async" width="2560" height="1703" class="wp-block-cover__image-background wp-image-259" alt="" src="https://riterm.org/wp-content/uploads/2020/11/portug.jpg" data-object-fit="cover" srcset="https://riterm.org/wp-content/uploads/2020/11/portug.jpg 2560w, https://riterm.org/wp-content/uploads/2020/11/portug-300x200.jpg 300w, https://riterm.org/wp-content/uploads/2020/11/portug-1024x681.jpg 1024w, https://riterm.org/wp-content/uploads/2020/11/portug-768x511.jpg 768w, https://riterm.org/wp-content/uploads/2020/11/portug-1536x1022.jpg 1536w, https://riterm.org/wp-content/uploads/2020/11/portug-2048x1362.jpg 2048w" sizes="auto, (max-width: 2560px) 100vw, 2560px" /><div class="wp-block-cover__inner-container is-layout-flow wp-block-cover-is-layout-flow">
<p class="has-text-align-center has-white-color has-text-color" style="font-size:50px">Comité ejecutivo</p>
</div></div>



<hr class="wp-block-separator has-css-opacity is-style-wide"/>



<h2 class="wp-block-heading" id="h.p_m7yOB_sshH0S">Actual (2023-2025)</h2>



<h3 class="wp-block-heading" id="h.p_eJTaaLMShVXk"><strong>Presidente:</strong></h3>



<div class="wp-block-columns is-layout-flex wp-container-core-columns-is-layout-9d6595d7 wp-block-columns-is-layout-flex">
<div class="wp-block-column is-layout-flow wp-block-column-is-layout-flow" style="flex-basis:30%">
<p id="h.p_BfukiFzshV0A"><strong>John Jairo Giraldo Ortiz</strong></p>



<p id="h.p_BfukiFzshV0A">Universidad de Antioquia, Colombia </p>
</div>



<div class="wp-block-column is-layout-flow wp-block-column-is-layout-flow" style="flex-basis:50%">
<figure class="wp-block-image size-full is-resized"><img loading="lazy" decoding="async" width="250" height="250" src="https://riterm.org/wp-content/uploads/2024/04/johngiraldo.png" alt="" class="wp-image-972" style="object-fit:cover;width:200px;height:200px" srcset="https://riterm.org/wp-content/uploads/2024/04/johngiraldo.png 250w, https://riterm.org/wp-content/uploads/2024/04/johngiraldo-150x150.png 150w" sizes="auto, (max-width: 250px) 100vw, 250px" /></figure>
</div>
</div>



<h3 class="wp-block-heading" id="h.p_qHgpNWLMhV0C"><strong>Vicepresidenta:</strong></h3>



<div class="wp-block-columns is-layout-flex wp-container-core-columns-is-layout-9d6595d7 wp-block-columns-is-layout-flex">
<div class="wp-block-column is-layout-flow wp-block-column-is-layout-flow" style="flex-basis:30%">
<p id="h.p_mU4_LyTchV0H"><strong>Ioana Cornea</strong></p>



<p id="h.p_mU4_LyTchV0H">ENALT-Universidad Autónoma de México, México</p>
</div>



<div class="wp-block-column is-layout-flow wp-block-column-is-layout-flow" style="flex-basis:50%">
<figure class="wp-block-image size-full is-resized"><img loading="lazy" decoding="async" width="250" height="250" src="https://riterm.org/wp-content/uploads/2024/04/CORNEA_FINAL.png" alt="" class="wp-image-980" style="object-fit:cover;width:200px;height:200px" srcset="https://riterm.org/wp-content/uploads/2024/04/CORNEA_FINAL.png 250w, https://riterm.org/wp-content/uploads/2024/04/CORNEA_FINAL-150x150.png 150w" sizes="auto, (max-width: 250px) 100vw, 250px" /></figure>
</div>
</div>



<h3 class="wp-block-heading" id="h.p_yHSWgfC6hV0G"><strong>Secretaría:</strong></h3>



<div class="wp-block-columns is-layout-flex wp-container-core-columns-is-layout-9d6595d7 wp-block-columns-is-layout-flex">
<div class="wp-block-column is-layout-flow wp-block-column-is-layout-flow" style="flex-basis:30%">
<p><strong>Edmar Peixoto</strong></p>



<p>Universidad del Estado de Río Grande del Norte, Brasil</p>
</div>



<div class="wp-block-column is-layout-flow wp-block-column-is-layout-flow" style="flex-basis:50%">
<figure class="wp-block-image size-full is-resized"><img loading="lazy" decoding="async" width="250" height="250" src="https://riterm.org/wp-content/uploads/2024/04/Edmar_FINAL.png" alt="" class="wp-image-982" style="object-fit:cover;width:200px;height:200px" srcset="https://riterm.org/wp-content/uploads/2024/04/Edmar_FINAL.png 250w, https://riterm.org/wp-content/uploads/2024/04/Edmar_FINAL-150x150.png 150w" sizes="auto, (max-width: 250px) 100vw, 250px" /></figure>
</div>
</div>



<div class="wp-block-columns is-layout-flex wp-container-core-columns-is-layout-9d6595d7 wp-block-columns-is-layout-flex">
<div class="wp-block-column is-layout-flow wp-block-column-is-layout-flow" style="flex-basis:30%">
<p id="h.p_rVB_Vu8PhV0D"><strong>Gabriel Quiroz</strong></p>



<p id="h.p_rVB_Vu8PhV0D">Universidad de Antioquia, Colombia</p>
</div>



<div class="wp-block-column is-layout-flow wp-block-column-is-layout-flow" style="flex-basis:50%">
<figure class="wp-block-image size-full is-resized"><img loading="lazy" decoding="async" width="250" height="250" src="https://riterm.org/wp-content/uploads/2024/04/Quiroz_FINAL.png" alt="" class="wp-image-984" style="object-fit:cover;width:200px;height:200px" srcset="https://riterm.org/wp-content/uploads/2024/04/Quiroz_FINAL.png 250w, https://riterm.org/wp-content/uploads/2024/04/Quiroz_FINAL-150x150.png 150w" sizes="auto, (max-width: 250px) 100vw, 250px" /></figure>
</div>
</div>



<h3 class="wp-block-heading" id="h.p_rn5_Iwf9hV0I"><strong>Comunicaciones</strong>:</h3>



<div class="wp-block-columns is-layout-flex wp-container-core-columns-is-layout-9d6595d7 wp-block-columns-is-layout-flex">
<div class="wp-block-column is-layout-flow wp-block-column-is-layout-flow" style="flex-basis:30%">
<p id="h.p_rG_DUJgyhV0J"><strong>Laia Vidal Sabanés</strong></p>



<p id="h.p_rG_DUJgyhV0J">IULA-Universitat Pompeu Fabra, España</p>
</div>



<div class="wp-block-column is-layout-flow wp-block-column-is-layout-flow" style="flex-basis:50%">
<figure class="wp-block-image size-full is-resized"><img loading="lazy" decoding="async" width="250" height="250" src="https://riterm.org/wp-content/uploads/2024/04/Laia_FINAL.png" alt="" class="wp-image-987" style="object-fit:cover;width:200px;height:200px" srcset="https://riterm.org/wp-content/uploads/2024/04/Laia_FINAL.png 250w, https://riterm.org/wp-content/uploads/2024/04/Laia_FINAL-150x150.png 150w" sizes="auto, (max-width: 250px) 100vw, 250px" /></figure>
</div>
</div>



<h3 class="wp-block-heading" id="h.p_AOMyhq41hV0J"><strong>Revista Debate Terminológico:</strong></h3>



<div class="wp-block-columns is-layout-flex wp-container-core-columns-is-layout-9d6595d7 wp-block-columns-is-layout-flex">
<div class="wp-block-column is-layout-flow wp-block-column-is-layout-flow" style="flex-basis:30%">
<p id="h.p_FW6H0rGghV0K"><strong>Jorge Lázaro</strong></p>



<p id="h.p_FW6H0rGghV0K">Universidad Autónoma de Baja California, México</p>
</div>



<div class="wp-block-column is-layout-flow wp-block-column-is-layout-flow" style="flex-basis:50%">
<figure class="wp-block-image size-full is-resized"><img loading="lazy" decoding="async" width="250" height="250" src="https://riterm.org/wp-content/uploads/2024/04/Jorge-Lazaro.png" alt="" class="wp-image-988" style="object-fit:cover;width:200px;height:200px" srcset="https://riterm.org/wp-content/uploads/2024/04/Jorge-Lazaro.png 250w, https://riterm.org/wp-content/uploads/2024/04/Jorge-Lazaro-150x150.png 150w" sizes="auto, (max-width: 250px) 100vw, 250px" /></figure>
</div>
</div>



<h3 class="wp-block-heading" id="h.p_GsccPpkXhV0K"><strong>Administrador/Tesorero</strong> <strong>&#8211; Representante del XIX Simposio</strong> </h3>



<div class="wp-block-columns is-layout-flex wp-container-core-columns-is-layout-9d6595d7 wp-block-columns-is-layout-flex">
<div class="wp-block-column is-layout-flow wp-block-column-is-layout-flow" style="flex-basis:30%">
<p><strong>Jorge M. Porras-Garzón</strong></p>



<p>Universidad de Antioquia, Colombia</p>
</div>



<div class="wp-block-column is-layout-flow wp-block-column-is-layout-flow" style="flex-basis:50%">
<figure class="wp-block-image size-full is-resized"><img loading="lazy" decoding="async" width="250" height="250" src="https://riterm.org/wp-content/uploads/2024/04/Porras_FINAL.png" alt="" class="wp-image-989" style="object-fit:cover;width:200px;height:200px" srcset="https://riterm.org/wp-content/uploads/2024/04/Porras_FINAL.png 250w, https://riterm.org/wp-content/uploads/2024/04/Porras_FINAL-150x150.png 150w" sizes="auto, (max-width: 250px) 100vw, 250px" /></figure>
</div>
</div>



<h2 class="wp-block-heading" id="h.p_6bxxmjbShOFO"><a href="https://sites.google.com/view/riterm/es/comite?authuser=0#h.p_6bxxmjbShOFO"></a><a href="https://riterm.org/index.php/anteriores-3/">Anteriores</a></h2>



<p></p>

<p>Actual (2023-2025) Presidente: John Jairo Giraldo Ortiz Universidad de Antioquia, Colombia Vicepresidenta: Ioana Cornea ENALT-Universidad Autónoma de México, México Secretaría: Edmar Peixoto Universidad del Estado de Río Grande del Norte, Brasil Gabriel Quiroz Universidad de Antioquia, Colombia Comunicaciones: Laia Vidal Sabanés IULA-Universitat Pompeu Fabra, España Revista Debate Terminológico: Jorge Lázaro Universidad Autónoma de Baja California, [&hellip;]</p>
