{"id":122,"date":"2020-11-18T22:25:36","date_gmt":"2020-11-18T22:25:36","guid":{"rendered":"https:\/\/riterm.org\/index\/?page_id=122"},"modified":"2020-11-30T23:52:19","modified_gmt":"2020-11-30T23:52:19","slug":"debate-terminologico","status":"publish","type":"page","link":"https:\/\/riterm.org\/index.php\/debate-terminologico\/","title":{"rendered":"Debate Terminol\u00f3gico"},"content":{"rendered":"\n<div class=\"wp-block-cover has-background-dim\" style=\"background-image:url(https:\/\/riterm.org\/wp-content\/uploads\/2020\/11\/portug.jpg)\"><div class=\"wp-block-cover__inner-container is-layout-flow wp-block-cover-is-layout-flow\">\n<p class=\"has-text-align-center\" style=\"font-size:50px\">Debate Terminol\u00f3gico<\/p>\n<\/div><\/div>\n\n\n\n<hr class=\"wp-block-separator is-style-wide\"\/>\n\n\n\n<p id=\"h.p_Tb66JpJvMnuA\">A revista Debate Terminol\u00f3gico \u00e9 mais um canal para a difus\u00e3o e o debate de ideias relativas \u00e0 Terminologia entre os membros da RITerm. Publicada semestralmente, a Revista se dedica \u00e0 divulga\u00e7\u00e3o de pesquisas, reflex\u00f5es te\u00f3ricas, tradu\u00e7\u00f5es, confer\u00eancias e resenhas que tragam para o centro da discuss\u00e3o v\u00e1rias quest\u00f5es terminol\u00f3gicas. A Revista Debate Terminol\u00f3gico publica artigos de v\u00e1rios autores latino-americanos dedicados \u00e0 pesquisa e ao estudo da terminologia e de outras \u00e1reas de conhecimento afins.<\/p>\n\n\n\n<p id=\"h.p_Wxfo3euGMoJ0\">Com a reestrutura\u00e7\u00e3o da RITerm, o novo site da Revista Debate Terminol\u00f3gico \u00e9:&nbsp;<a href=\"http:\/\/www.google.com\/url?q=http%3A%2F%2Fseer.ufrgs.br%2Friterm&amp;sa=D&amp;sntz=1&amp;usg=AFQjCNHhYzxcPiaJyt3plMBecE2LSFTAgw\" target=\"_blank\" rel=\"noreferrer noopener\"><strong>http:\/\/seer.ufrgs.br\/riterm<\/strong><\/a>. Nele, voc\u00ea poder\u00e1 ter acesso ao n\u00famero atual e a n\u00fameros anteiores, al\u00e9m de obter informa\u00e7\u00f5es adicionais, como chamadas para publica\u00e7\u00e3o e normas para submiss\u00e3o de artigos.<\/p>\n\n\n\n<p id=\"h.p_B1XpfgZbMoJ1\">E-mail: debateterminologico@gmail.com<\/p>\n","protected":false},"excerpt":{"rendered":"<p>A revista Debate Terminol\u00f3gico \u00e9 mais um canal para a difus\u00e3o e o debate de ideias relativas \u00e0 Terminologia entre os membros da RITerm. Publicada semestralmente, a Revista se dedica \u00e0 divulga\u00e7\u00e3o de pesquisas, reflex\u00f5es te\u00f3ricas, tradu\u00e7\u00f5es, confer\u00eancias e resenhas que tragam para o centro da discuss\u00e3o v\u00e1rias quest\u00f5es terminol\u00f3gicas. A Revista Debate Terminol\u00f3gico publica [&hellip;]<\/p>\n","protected":false},"author":1,"featured_media":0,"parent":0,"menu_order":0,"comment_status":"closed","ping_status":"closed","template":"","meta":{"footnotes":""},"class_list":["post-122","page","type-page","status-publish","hentry"],"_links":{"self":[{"href":"https:\/\/riterm.org\/index.php\/wp-json\/wp\/v2\/pages\/122","targetHints":{"allow":["GET"]}}],"collection":[{"href":"https:\/\/riterm.org\/index.php\/wp-json\/wp\/v2\/pages"}],"about":[{"href":"https:\/\/riterm.org\/index.php\/wp-json\/wp\/v2\/types\/page"}],"author":[{"embeddable":true,"href":"https:\/\/riterm.org\/index.php\/wp-json\/wp\/v2\/users\/1"}],"replies":[{"embeddable":true,"href":"https:\/\/riterm.org\/index.php\/wp-json\/wp\/v2\/comments?post=122"}],"version-history":[{"count":2,"href":"https:\/\/riterm.org\/index.php\/wp-json\/wp\/v2\/pages\/122\/revisions"}],"predecessor-version":[{"id":289,"href":"https:\/\/riterm.org\/index.php\/wp-json\/wp\/v2\/pages\/122\/revisions\/289"}],"wp:attachment":[{"href":"https:\/\/riterm.org\/index.php\/wp-json\/wp\/v2\/media?parent=122"}],"curies":[{"name":"wp","href":"https:\/\/api.w.org\/{rel}","templated":true}]}}

Debate Terminológico

<div class="wp-block-cover has-background-dim" style="background-image:url(https://riterm.org/wp-content/uploads/2020/11/portug.jpg)"><div class="wp-block-cover__inner-container is-layout-flow wp-block-cover-is-layout-flow">
<p class="has-text-align-center" style="font-size:50px">Debate Terminológico</p>
</div></div>



<hr class="wp-block-separator is-style-wide"/>



<p id="h.p_Tb66JpJvMnuA">A revista Debate Terminológico é mais um canal para a difusão e o debate de ideias relativas à Terminologia entre os membros da RITerm. Publicada semestralmente, a Revista se dedica à divulgação de pesquisas, reflexões teóricas, traduções, conferências e resenhas que tragam para o centro da discussão várias questões terminológicas. A Revista Debate Terminológico publica artigos de vários autores latino-americanos dedicados à pesquisa e ao estudo da terminologia e de outras áreas de conhecimento afins.</p>



<p id="h.p_Wxfo3euGMoJ0">Com a reestruturação da RITerm, o novo site da Revista Debate Terminológico é:&nbsp;<a href="http://www.google.com/url?q=http%3A%2F%2Fseer.ufrgs.br%2Friterm&amp;sa=D&amp;sntz=1&amp;usg=AFQjCNHhYzxcPiaJyt3plMBecE2LSFTAgw" target="_blank" rel="noreferrer noopener"><strong>http://seer.ufrgs.br/riterm</strong></a>. Nele, você poderá ter acesso ao número atual e a números anteiores, além de obter informações adicionais, como chamadas para publicação e normas para submissão de artigos.</p>



<p id="h.p_B1XpfgZbMoJ1">E-mail: debateterminologico@gmail.com</p>

<p>A revista Debate Terminológico é mais um canal para a difusão e o debate de ideias relativas à Terminologia entre os membros da RITerm. Publicada semestralmente, a Revista se dedica à divulgação de pesquisas, reflexões teóricas, traduções, conferências e resenhas que tragam para o centro da discussão várias questões terminológicas. A Revista Debate Terminológico publica [&hellip;]</p>
