{"id":116,"date":"2020-11-18T22:19:50","date_gmt":"2020-11-18T22:19:50","guid":{"rendered":"https:\/\/riterm.org\/index\/?page_id=116"},"modified":"2024-04-01T13:12:31","modified_gmt":"2024-04-01T13:12:31","slug":"anteriores","status":"publish","type":"page","link":"https:\/\/riterm.org\/index.php\/anteriores\/","title":{"rendered":"Anteriores"},"content":{"rendered":"\n<div class=\"wp-block-cover is-light\" style=\"min-height:271px;aspect-ratio:unset;\"><span aria-hidden=\"true\" class=\"wp-block-cover__background has-background-dim\"><\/span><img loading=\"lazy\" decoding=\"async\" width=\"2560\" height=\"1703\" class=\"wp-block-cover__image-background wp-image-259\" src=\"https:\/\/riterm.org\/wp-content\/uploads\/2020\/11\/portug.jpg\" data-object-fit=\"cover\" srcset=\"https:\/\/riterm.org\/wp-content\/uploads\/2020\/11\/portug.jpg 2560w, https:\/\/riterm.org\/wp-content\/uploads\/2020\/11\/portug-300x200.jpg 300w, https:\/\/riterm.org\/wp-content\/uploads\/2020\/11\/portug-1024x681.jpg 1024w, https:\/\/riterm.org\/wp-content\/uploads\/2020\/11\/portug-768x511.jpg 768w, https:\/\/riterm.org\/wp-content\/uploads\/2020\/11\/portug-1536x1022.jpg 1536w, https:\/\/riterm.org\/wp-content\/uploads\/2020\/11\/portug-2048x1362.jpg 2048w\" sizes=\"auto, (max-width: 2560px) 100vw, 2560px\" \/><div class=\"wp-block-cover__inner-container is-layout-flow wp-block-cover-is-layout-flow\">\n<p class=\"has-text-align-center\" style=\"font-size:50px\">Anteriores<\/p>\n<\/div><\/div>\n\n\n\n<hr class=\"wp-block-separator has-css-opacity is-style-wide\"\/>\n\n\n\n<h3 class=\"wp-block-heading\" id=\"h.p_ts5eB_I694IL\">De 1988 a 1990<\/h3>\n\n\n\n<p id=\"h.p_RZ9c-wsi99E1\">Integrantes:<\/p>\n\n\n\n<p id=\"h.p_bcFSTWN-9_Qz\">Alicia Fedor de Diego \u2013 Universidade Sim\u00f3n Bol\u00edvar de Caracas, Venezuela<\/p>\n\n\n\n<p id=\"h.p_rwBb-ddG9_Q1\">Michele Boroni de S\u00e1nchez-Vegas \u2013 Universidade Sim\u00f3n Bol\u00edvar de Caracas, Venezuela<\/p>\n\n\n\n<h3 class=\"wp-block-heading\" id=\"h.p_FWfELqWF-JhI\"><a href=\"https:\/\/sites.google.com\/view\/riterm\/pt\/comitept\/anteriorespt?authuser=0#h.p_FWfELqWF-JhI\"><\/a>De 1994 a 1996<\/h3>\n\n\n\n<p id=\"h.p_3-z4WNQUJ-NN\">Integrantes:<\/p>\n\n\n\n<p id=\"h.p_0qoPzTZWJ_uc\">Maria Teresa Cabr\u00e9 \u2013 Universidade Pompeu Fabra, Grupo IULATERM, Espanha<\/p>\n\n\n\n<p id=\"h.p_S4eU8nj0KCjs\">Jos\u00e9 Sindland d\u2019Espouy \u2013 Argentina<\/p>\n\n\n\n<p id=\"h.p_mbhb_Nj2KCjt\">Daniel Prado \u2013 Uni\u00e3o Latina, Fran\u00e7a<\/p>\n\n\n\n<p id=\"h.p_tHWkqRB4KCjt\">Rodolfo Alp\u00edzar \u2013 Uni\u00e3o Latina\/Escrit\u00f3rio de Cuba, Cuba<\/p>\n\n\n\n<p id=\"h.p_FlQufgV3KCju\">Enilde Faulstich \u2013 Universidade de Bras\u00edlia (UnB), Centro LexTerm, Brasil<\/p>\n\n\n\n<h3 class=\"wp-block-heading\" id=\"h.p_hlYM0yGIKaWw\"><a href=\"https:\/\/sites.google.com\/view\/riterm\/pt\/comitept\/anteriorespt?authuser=0#h.p_hlYM0yGIKaWw\"><\/a>De 1996 a 1998<\/h3>\n\n\n\n<p id=\"h.p_A2x84tcNKdUE\"><strong>Presidente:<\/strong><\/p>\n\n\n\n<p id=\"h.p_0YgN2WrqKlvA\">Maria Teresa Cabr\u00e9 \u2013 Universidade Pompeu Fabra, Grupo IULATERM, Espanha<\/p>\n\n\n\n<p id=\"h.p_xYNyY94bKlvB\"><strong>Vice-Presidentes:<\/strong><\/p>\n\n\n\n<p id=\"h.p_Peh7R_x0KlvD\">Rodolfo Alp\u00edzar \u2013 Uni\u00e3o Latina\/Escrit\u00f3rio de Cuba, Cuba<\/p>\n\n\n\n<p id=\"h.p_QaRViLcpKlvD\">Enilde Faulstich \u2013 Universidade de Bras\u00edlia (UnB), Centro LexTerm, Brasil<\/p>\n\n\n\n<p id=\"h.p_t1646TptKlvD\"><strong>Tesouraria:<\/strong><\/p>\n\n\n\n<p id=\"h.p_yYfuGcl0KlvE\">Leticia Leduc \u2013 Organizac\u00e3o Mexicana de Tradutores, M\u00e9xico<\/p>\n\n\n\n<p id=\"h.p_EFwOO1anKlvF\"><strong>Secretaria:<\/strong><\/p>\n\n\n\n<p id=\"h.p_SqpaJ3xkKlvF\">Daniel Prado \u2013 Uni\u00e3o Latina, Fran\u00e7a<\/p>\n\n\n\n<h3 class=\"wp-block-heading\" id=\"h.p_beLaXro_KxX_\"><a href=\"https:\/\/sites.google.com\/view\/riterm\/pt\/comitept\/anteriorespt?authuser=0#h.p_beLaXro_KxX_\"><\/a>De 1998 a 2000<\/h3>\n\n\n\n<p id=\"h.p_we-rywXqK3v8\"><strong>Presidente:<\/strong><\/p>\n\n\n\n<p id=\"h.p_MuJFRInlK5yA\">Maria Teresa Cabr\u00e9 \u2013 Universidade Pompeu Fabra, Grupo IULATERM, Espanha<\/p>\n\n\n\n<p id=\"h.p_vW2rq4QvK5yA\"><strong>Vice-Presidentes:<\/strong><\/p>\n\n\n\n<p id=\"h.p_tuFr1fMVK5yC\">Berta Nelly de Cardona \u2013 Col\u00f4mbia<\/p>\n\n\n\n<p id=\"h.p_suxH4BxBK5yC\">Rodolfo Alp\u00edzar \u2013 Uni\u00e3o Latina\/Escrit\u00f3rio de Cuba, Cuba<\/p>\n\n\n\n<p id=\"h.p_IUgpIjaYK5yD\"><strong>Tesouraria:<\/strong><\/p>\n\n\n\n<p id=\"h.p_p7iHnoYrK5yE\">Ieda Maria Alves \u2013 Universidade de S\u00e3o Paulo (USP), Grupo TermNeo, Brasil<\/p>\n\n\n\n<p id=\"h.p_WVaLo6h2K5yF\"><strong>Secretaria:<\/strong><\/p>\n\n\n\n<p id=\"h.p_LX6cVsgNK5yF\">Daniel Prado \u2013 Uni\u00e3o Latina, Fran\u00e7a<\/p>\n\n\n\n<h3 class=\"wp-block-heading\" id=\"h.p_bkGX_s0dLEqv\"><a href=\"https:\/\/sites.google.com\/view\/riterm\/pt\/comitept\/anteriorespt?authuser=0#h.p_bkGX_s0dLEqv\"><\/a>De 2000 a 2002<\/h3>\n\n\n\n<p id=\"h.p_20U9n_s0LH3U\"><strong>Presidente:<\/strong><\/p>\n\n\n\n<p id=\"h.p_tnRB-nXyLIMy\">Ieda Maria Alves \u2013 Universidade de S\u00e3o Paulo (USP), Grupo TermNeo, Brasil<\/p>\n\n\n\n<p id=\"h.p_NFEoZGX4LIMz\"><strong>Vice-Presidentes:<\/strong><\/p>\n\n\n\n<p id=\"h.p_UHK67LgpLIMz\">Berta Nelly de Cardona \u2013 Col\u00f4mbia<\/p>\n\n\n\n<p id=\"h.p_8NPfaT4JLIMz\">Ana Mar\u00eda Cardero Garc\u00eda \u2013 Universidade Nacional Aut\u00f4noma do M\u00e9xico, M\u00e9xico<\/p>\n\n\n\n<p id=\"h.p_zjxnIaJELIM0\"><strong>Tesouraria:<\/strong><\/p>\n\n\n\n<p id=\"h.p_Ai_lZUSNLIM0\">Carles Teb\u00e9 \u2013 Universidade Pompeu Fabra, Espanha<\/p>\n\n\n\n<p id=\"h.p_6AVXMQc_LIM1\"><strong>Secretaria:<\/strong><\/p>\n\n\n\n<p id=\"h.p_KLYhpzQYLIM1\">Daniel Prado \u2013 Uni\u00e3o Latina, Fran\u00e7a<\/p>\n\n\n\n<h3 class=\"wp-block-heading\" id=\"h.p_AKQbpBS2LZbM\"><a href=\"https:\/\/sites.google.com\/view\/riterm\/pt\/comitept\/anteriorespt?authuser=0#h.p_AKQbpBS2LZbM\"><\/a>De 2002 a 2004<\/h3>\n\n\n\n<p id=\"h.p__kvuMa68LdGl\"><strong>Presidente:<\/strong><\/p>\n\n\n\n<p id=\"h.p_BqpdPfrMLdWC\">Ana Mar\u00eda Cardero Garc\u00eda \u2013 Universidade Nacional Aut\u00f4noma do M\u00e9xico, M\u00e9xico<\/p>\n\n\n\n<p id=\"h.p_UQCHopRsLdWC\"><strong>Vice-Presidentes:<\/strong><\/p>\n\n\n\n<p id=\"h.p_GuU9VlrvLdWC\">Maria da Gra\u00e7a Krieger \u2013 Universidade Federal do Rio Grande do Sul (UFRGS), Grupo Termisul, Brasil<\/p>\n\n\n\n<p id=\"h.p_lqN2cmoaLdWD\">Mary Fuentes \u2013 Universidade de Concepci\u00f3n, Chile<\/p>\n\n\n\n<p id=\"h.p_FkOoNzHYLdWD\"><strong>Tesouraria:<\/strong><\/p>\n\n\n\n<p id=\"h.p_cJt5YWypLdWE\">Carles Teb\u00e9 \u2013 Universidade Pompeu Fabra, Espanha<\/p>\n\n\n\n<p id=\"h.p_De3NcuzVLdWF\"><strong>Secretaria:<\/strong><\/p>\n\n\n\n<p id=\"h.p_9MwBfmyyLdWF\">Daniel Prado \u2013 Uni\u00e3o Latina, Fran\u00e7a<\/p>\n\n\n\n<h3 class=\"wp-block-heading\" id=\"h.p_w2M8SZ6jL0-w\"><a href=\"https:\/\/sites.google.com\/view\/riterm\/pt\/comitept\/anteriorespt?authuser=0#h.p_w2M8SZ6jL0-w\"><\/a>De 2006 a 2008<\/h3>\n\n\n\n<p id=\"h.p_FR-PUfkrL4vr\"><strong>Presidente:<\/strong><\/p>\n\n\n\n<p id=\"h.p_Ux5HPS97L49b\">Margarita Correia \u2013 Instituto de Lingu\u00edstica Te\u00f3rica e Computacional (ILTEC), Portugal<\/p>\n\n\n\n<p id=\"h.p_PEo9zOGwL49c\"><strong>Vice-Presidente:<\/strong><\/p>\n\n\n\n<p id=\"h.p_y9zMSxmhL49c\">Luc\u00eda Fabbri \u2013 Red Uruterm, Uruguai<\/p>\n\n\n\n<p id=\"h.p_bSJHG1ELL49d\"><strong>Tesouraria:<\/strong><\/p>\n\n\n\n<p id=\"h.p_TZXTBVi3L49f\">Cleci Regina Bevilacqua \u2013 Universidade Federal do Rio Grande do Sul (UFRGS), Grupo Termisul, Brasil<\/p>\n\n\n\n<p id=\"h.p_fILw0AcGL49f\"><strong>Secretaria:<\/strong><\/p>\n\n\n\n<p id=\"h.p_YdnXSKzsL49f\">Daniel Prado \u2013 Uni\u00e3o Latina, Fran\u00e7a<\/p>\n\n\n\n<p id=\"h.p_nd18Epo1L49g\"><strong>Revista Debate Terminol\u00f3gico:<\/strong><\/p>\n\n\n\n<p id=\"h.p_PyFWvpFJL49g\">Rosa Estop\u00e0 \u2013 Universidade Pompeu Fabra, Grupo IULATERM, Espanha<\/p>\n\n\n\n<h3 class=\"wp-block-heading\" id=\"h.p_eGzaOX2ZME3r\"><a href=\"https:\/\/sites.google.com\/view\/riterm\/pt\/comitept\/anteriorespt?authuser=0#h.p_eGzaOX2ZME3r\"><\/a>De 2008 a 2010<\/h3>\n\n\n\n<p id=\"h.p_HGnq-sYbMIiV\"><strong>Presidente:<\/strong><\/p>\n\n\n\n<p id=\"h.p_y0wz8EmUMIzy\">Luc\u00eda Fabbri \u2013 Red Uruterm, Uruguai<\/p>\n\n\n\n<p id=\"h.p_f8RzRAS0MIzy\"><strong>Vice-Presidente:<\/strong><\/p>\n\n\n\n<p id=\"h.p_fJ7V-qU9MIzz\">Margarita Correia \u2013 Instituto de Lingu\u00edstica Te\u00f3rica e Computacional (ILTEC), Portugal<\/p>\n\n\n\n<p id=\"h.p_OtT8tDK2MIzz\"><strong>Secretaria:<\/strong><\/p>\n\n\n\n<p id=\"h.p_M3tf8Sp4MIz0\">Cleci Regina Bevilacqua \u2013 Universidade Federal do Rio Grande do Sul (UFRGS), Grupo Termisul, Brasil<\/p>\n\n\n\n<p id=\"h.p_tWW0mpxbMIz0\"><strong>Revista Debate Terminol\u00f3gico:<\/strong><\/p>\n\n\n\n<p id=\"h.p_KG8_zbsOMIz0\">Rosa Estop\u00e0 \u2013 Universidade Pompeu Fabra, Grupo IULATERM, Espanha<\/p>\n\n\n\n<p id=\"h.p_SG8gHHRgMIz1\"><strong>Representante da organiza\u00e7\u00e3o do XII Simp\u00f3sio:<\/strong><\/p>\n\n\n\n<p id=\"h.p_KVjcupihMIz2\">Estela Lalanne de Servente \u2013 Col\u00e9gio de Tradutores P\u00fablicos da Cidade de Buenos Aires, Argentina<\/p>\n\n\n\n<h3 class=\"wp-block-heading\" id=\"h.p_gMTFhGiTMQ9V\"><a href=\"https:\/\/sites.google.com\/view\/riterm\/pt\/comitept\/anteriorespt?authuser=0#h.p_gMTFhGiTMQ9V\"><\/a>De 2010 a 2012<\/h3>\n\n\n\n<p id=\"h.p_zhsGRrAVMTxc\"><strong>Presidente:<\/strong><\/p>\n\n\n\n<p id=\"h.p_VT8enij8MX02\">Cleci Regina Bevilacqua \u2013 Universidade Federal do Rio Grande do Sul (UFRGS), Grupo Termisul, Brasil<\/p>\n\n\n\n<p id=\"h.p_ixxRi0nNMX02\"><strong>Vice-Presidente:<\/strong><\/p>\n\n\n\n<p id=\"h.p_pMhKiGgaMX03\">Mar\u00eda Mercedes Su\u00e1rez de la Torre \u2013 Universidade Aut\u00f4noma de Manizales, Grupo CITERM, Col\u00f4mbia<\/p>\n\n\n\n<p id=\"h.p_7OwD2_mhMX05\"><strong>Secretaria:<\/strong><\/p>\n\n\n\n<p id=\"h.p_nX_0WxHqMX05\">Estela Lalanne de Servente \u2013 Col\u00e9gio de Tradutores P\u00fablicos da Cidade de Buenos Aires, Argentina<\/p>\n\n\n\n<p id=\"h.p_etbqaXoOMX06\"><strong>Comunica\u00e7\u00e3o:<\/strong><\/p>\n\n\n\n<p id=\"h.p_xVB7OzB5MX06\">M\u00e1rcio Sales Santiago \u2013 Universidade Federal do Rio Grande do Sul (UFRGS), Grupo TermiLex, Brasil<\/p>\n\n\n\n<p id=\"h.p_7Z80l_gWMX07\"><strong>Revista Debate Terminol\u00f3gico:<\/strong><\/p>\n\n\n\n<p id=\"h.p_s2uMKYN4MX07\">Iria da Cunha Fanego \u2013 Universidade Pompeu Fabra, Grupo IULATERM, Espanha<\/p>\n\n\n\n<p id=\"h.p_hvhbV647MX08\"><strong>Representante da organiza\u00e7\u00e3o do XIII Simp\u00f3sio:<\/strong><\/p>\n\n\n\n<p id=\"h.p_UqSN1Eb-MX08\">Chelo Vargas Sierra \u2013 Instituto Interuniversit\u00e1rio de L\u00ednguas Modenas Aplicadas (IULMA)\/Universidade de Alicante, Espanha<\/p>\n\n\n\n<h3 class=\"wp-block-heading\">De 2018 a 2020<\/h3>\n\n\n\n<p id=\"h.p_eJTaaLMShVXk\"><strong>Presidente:<\/strong><\/p>\n\n\n\n<p id=\"h.p_BfukiFzshV0A\">Carles Teb\u00e9 \u2013 Pontificia Universidad Cat\u00f3lica de Chile, Chile<\/p>\n\n\n\n<p id=\"h.p_qHgpNWLMhV0C\"><strong>Vice-Presidente:<\/strong><\/p>\n\n\n\n<p id=\"h.p_rVB_Vu8PhV0D\">Rosa Luna Garc\u00eda \u2013 UNIFE, Universidad Ricardo Palma y PER\u00daterm, Per\u00fa<\/p>\n\n\n\n<p id=\"h.p_yHSWgfC6hV0G\"><strong>Secretaria:<\/strong><\/p>\n\n\n\n<p id=\"h.p_mU4_LyTchV0H\">Marisela Colin Rodea \u2013 Universidad Nacional Aut\u00f3noma de M\u00e9xico, M\u00e9xico<\/p>\n\n\n\n<p id=\"h.p_rn5_Iwf9hV0I\"><strong>Comunica\u00e7\u00e3o:<\/strong><\/p>\n\n\n\n<p id=\"h.p_rG_DUJgyhV0J\">Leandro Henrique Mendonca de Oliveira \u2013 Empresa Brasileira de Pesquisa Agropecu\u00e1ria \u2013 EMBRAPA, Brasil<\/p>\n\n\n\n<p id=\"h.p_AOMyhq41hV0J\"><strong>Revista Debate Terminol\u00f3gico:<\/strong><\/p>\n\n\n\n<p id=\"h.p_FW6H0rGghV0K\">M.Amor Montan\u00e9 March \u2013 Universitat Pompeu Fabra, Grupo IULATERM, Espa\u00f1a<\/p>\n\n\n\n<p id=\"h.p_GsccPpkXhV0K\"><strong>Representante da organiza<strong>\u00e7\u00e3o<\/strong><\/strong> <strong>do XVI Simposio:<\/strong><\/p>\n\n\n\n<p id=\"h.p_7DgVLIE1hV0L\">Ieda Maria Alves \u2013 Universidad de S\u00e3o Paulo, USP, Faculdade de Filosofia, Letras, Ci\u00eancias Humanas, Brasil<\/p>\n\n\n\n<h3 class=\"wp-block-heading\">De 2020 a 2021<\/h3>\n\n\n\n<p id=\"h.p_eJTaaLMShVXk\"><strong>Presidente:<\/strong><\/p>\n\n\n\n<p id=\"h.p_mU4_LyTchV0H\">Marisela Colin Rodea \u2013 Universidad Nacional Aut\u00f3noma de M\u00e9xico, M\u00e9xico<\/p>\n\n\n\n<p id=\"h.p_qHgpNWLMhV0C\"><strong>Vice-Presidente:<\/strong><\/p>\n\n\n\n<p id=\"h.p_BfukiFzshV0A\">Mary Ann Monteagudo Medina, Universidad Peruana de Ciencias Aplicadas, Peru<\/p>\n\n\n\n<p id=\"h.p_yHSWgfC6hV0G\"><strong>Secretar\u00eda:<\/strong><\/p>\n\n\n\n<p id=\"h.p_rVB_Vu8PhV0D\">John Jairo Giraldo Ortiz, Universidad de Antioquia, Col\u00f4mbia<\/p>\n\n\n\n<p id=\"h.p_rn5_Iwf9hV0I\"><strong>Comunica\u00e7\u00e3o:<\/strong><\/p>\n\n\n\n<p id=\"h.p_rG_DUJgyhV0J\">Alexandra F. M\u00fcller, UFRGS, Brasil<\/p>\n\n\n\n<p id=\"h.p_AOMyhq41hV0J\"><strong>Revista Debate Terminol\u00f3gico:<\/strong><\/p>\n\n\n\n<p id=\"h.p_FW6H0rGghV0K\">Cristiane Krause Kilian, ISAI, Brasil<\/p>\n\n\n\n<p id=\"h.p_GsccPpkXhV0K\"><strong>Representante da organiza<strong>\u00e7\u00e3o<\/strong><\/strong> <strong>do XVII Simposio:<\/strong><\/p>\n\n\n\n<p>Gerardo E. Sierra Mart\u00ednez, UNAM, M\u00e9xico<\/p>\n\n\n\n<h3 class=\"wp-block-heading\">De 2021 a 2023<\/h3>\n\n\n\n<p id=\"h.p_zBJKouMMJJUp\"><strong>Presidente:<\/strong><\/p>\n\n\n\n<p id=\"h.p_B41eamMoJRJE\">Mary Ann Monteagudo Medina, Universidad Peruana de Ciencias Aplicadas, Peru<\/p>\n\n\n\n<p id=\"h.p_rYvlXM66JRJE\"><strong>Vice-Presidente:<\/strong><\/p>\n\n\n\n<p id=\"h.p_uTb39Yu2JRJF\">John Jairo Giraldo Ortiz, Universidad de Antioquia, Col\u00f4mbia<\/p>\n\n\n\n<p id=\"h.p_8IF6ZoSYJRJH\"><strong>Secretaria:<\/strong><\/p>\n\n\n\n<p id=\"h.p_OYefrGLJJRJH\">Ioana Cornea, ENALT-Universidad Aut\u00f3noma de M\u00e9xico, M\u00e9xico<\/p>\n\n\n\n<p id=\"h.p_M2rb0NvuJRJI\"><strong>Comunica\u00e7\u00f5es:<\/strong><\/p>\n\n\n\n<p id=\"h.p_iuraBSA8JRJJ\">Jorge M. Porras-Garz\u00f3n, IULA-Universitat Pompeu Fabra, Espanha<\/p>\n\n\n\n<p id=\"h.p_6hK94e8DJRJK\"><strong>Revista Debate Terminol\u00f3gico:<\/strong><\/p>\n\n\n\n<p id=\"h.p_U1bJL-4rJRJK\">Jorge L\u00e1zaro, Universidad Aut\u00f3noma de Baja California, M\u00e9xico<\/p>\n\n\n\n<p id=\"h.p_Io0TYecUJRJL\"><strong>Representante da organiza\u00e7\u00e3o do XVII Simp\u00f3sio:<\/strong><\/p>\n\n\n\n<p id=\"h.p_n94yuPTjJRJM\">M\u00e1rcio Sales Santiago, Universidad Federal de R\u00edo Grande del Norte, Brasil<\/p>\n","protected":false},"excerpt":{"rendered":"<p>De 1988 a 1990 Integrantes: Alicia Fedor de Diego \u2013 Universidade Sim\u00f3n Bol\u00edvar de Caracas, Venezuela Michele Boroni de S\u00e1nchez-Vegas \u2013 Universidade Sim\u00f3n Bol\u00edvar de Caracas, Venezuela De 1994 a 1996 Integrantes: Maria Teresa Cabr\u00e9 \u2013 Universidade Pompeu Fabra, Grupo IULATERM, Espanha Jos\u00e9 Sindland d\u2019Espouy \u2013 Argentina Daniel Prado \u2013 Uni\u00e3o Latina, Fran\u00e7a Rodolfo Alp\u00edzar [&hellip;]<\/p>\n","protected":false},"author":1,"featured_media":0,"parent":0,"menu_order":0,"comment_status":"closed","ping_status":"closed","template":"","meta":{"footnotes":""},"class_list":["post-116","page","type-page","status-publish","hentry"],"_links":{"self":[{"href":"https:\/\/riterm.org\/index.php\/wp-json\/wp\/v2\/pages\/116","targetHints":{"allow":["GET"]}}],"collection":[{"href":"https:\/\/riterm.org\/index.php\/wp-json\/wp\/v2\/pages"}],"about":[{"href":"https:\/\/riterm.org\/index.php\/wp-json\/wp\/v2\/types\/page"}],"author":[{"embeddable":true,"href":"https:\/\/riterm.org\/index.php\/wp-json\/wp\/v2\/users\/1"}],"replies":[{"embeddable":true,"href":"https:\/\/riterm.org\/index.php\/wp-json\/wp\/v2\/comments?post=116"}],"version-history":[{"count":6,"href":"https:\/\/riterm.org\/index.php\/wp-json\/wp\/v2\/pages\/116\/revisions"}],"predecessor-version":[{"id":991,"href":"https:\/\/riterm.org\/index.php\/wp-json\/wp\/v2\/pages\/116\/revisions\/991"}],"wp:attachment":[{"href":"https:\/\/riterm.org\/index.php\/wp-json\/wp\/v2\/media?parent=116"}],"curies":[{"name":"wp","href":"https:\/\/api.w.org\/{rel}","templated":true}]}}