{"id":113,"date":"2020-11-18T22:17:48","date_gmt":"2020-11-18T22:17:48","guid":{"rendered":"https:\/\/riterm.org\/index\/?page_id=113"},"modified":"2022-07-20T02:51:50","modified_gmt":"2022-07-20T02:51:50","slug":"atual","status":"publish","type":"page","link":"https:\/\/riterm.org\/index.php\/atual\/","title":{"rendered":"Atual"},"content":{"rendered":"\n<div class=\"wp-block-cover has-background-dim\" style=\"background-image:url(https:\/\/riterm.org\/wp-content\/uploads\/2020\/11\/portug.jpg);min-height:267px;aspect-ratio:unset;\"><div class=\"wp-block-cover__inner-container is-layout-flow wp-block-cover-is-layout-flow\">\n<p class=\"has-text-align-center\" style=\"font-size:50px\">Atual<\/p>\n<\/div><\/div>\n\n\n\n<hr class=\"wp-block-separator is-style-wide\"\/>\n\n\n\n<p id=\"h.p_zBJKouMMJJUp\"><strong>Presidente:<\/strong><\/p>\n\n\n\n<p id=\"h.p_B41eamMoJRJE\">Mary Ann Monteagudo Medina, Universidad Peruana de Ciencias Aplicadas, Peru<\/p>\n\n\n\n<p id=\"h.p_rYvlXM66JRJE\"><strong>Vice-Presidente:<\/strong><\/p>\n\n\n\n<p id=\"h.p_uTb39Yu2JRJF\">John Jairo Giraldo Ortiz, Universidad de Antioquia, Col\u00f4mbia<\/p>\n\n\n\n<p id=\"h.p_8IF6ZoSYJRJH\"><strong>Secretaria:<\/strong><\/p>\n\n\n\n<p id=\"h.p_OYefrGLJJRJH\">Ioana Cornea, ENALT-Universidad Aut\u00f3noma de M\u00e9xico, M\u00e9xico<\/p>\n\n\n\n<p id=\"h.p_M2rb0NvuJRJI\"><strong>Comunica\u00e7\u00f5es:<\/strong><\/p>\n\n\n\n<p id=\"h.p_iuraBSA8JRJJ\">Jorge M. Porras-Garz\u00f3n, IULA-Universitat Pompeu Fabra, Espanha<\/p>\n\n\n\n<p id=\"h.p_6hK94e8DJRJK\"><strong>Revista Debate Terminol\u00f3gico:<\/strong><\/p>\n\n\n\n<p id=\"h.p_U1bJL-4rJRJK\">Jorge L\u00e1zaro, Universidad Aut\u00f3noma de Baja California, M\u00e9xico<\/p>\n\n\n\n<p id=\"h.p_Io0TYecUJRJL\"><strong>Representante da organiza\u00e7\u00e3o do XVII Simp\u00f3sio:<\/strong><\/p>\n\n\n\n<p id=\"h.p_n94yuPTjJRJM\">M\u00e1rcio Sales Santiago, Universidad Federal de R\u00edo Grande del Norte, Brasil<\/p>\n","protected":false},"excerpt":{"rendered":"<p>Presidente: Mary Ann Monteagudo Medina, Universidad Peruana de Ciencias Aplicadas, Peru Vice-Presidente: John Jairo Giraldo Ortiz, Universidad de Antioquia, Col\u00f4mbia Secretaria: Ioana Cornea, ENALT-Universidad Aut\u00f3noma de M\u00e9xico, M\u00e9xico Comunica\u00e7\u00f5es: Jorge M. Porras-Garz\u00f3n, IULA-Universitat Pompeu Fabra, Espanha Revista Debate Terminol\u00f3gico: Jorge L\u00e1zaro, Universidad Aut\u00f3noma de Baja California, M\u00e9xico Representante da organiza\u00e7\u00e3o do XVII Simp\u00f3sio: M\u00e1rcio Sales [&hellip;]<\/p>\n","protected":false},"author":1,"featured_media":0,"parent":0,"menu_order":0,"comment_status":"closed","ping_status":"closed","template":"","meta":{"footnotes":""},"class_list":["post-113","page","type-page","status-publish","hentry"],"_links":{"self":[{"href":"https:\/\/riterm.org\/index.php\/wp-json\/wp\/v2\/pages\/113","targetHints":{"allow":["GET"]}}],"collection":[{"href":"https:\/\/riterm.org\/index.php\/wp-json\/wp\/v2\/pages"}],"about":[{"href":"https:\/\/riterm.org\/index.php\/wp-json\/wp\/v2\/types\/page"}],"author":[{"embeddable":true,"href":"https:\/\/riterm.org\/index.php\/wp-json\/wp\/v2\/users\/1"}],"replies":[{"embeddable":true,"href":"https:\/\/riterm.org\/index.php\/wp-json\/wp\/v2\/comments?post=113"}],"version-history":[{"count":5,"href":"https:\/\/riterm.org\/index.php\/wp-json\/wp\/v2\/pages\/113\/revisions"}],"predecessor-version":[{"id":476,"href":"https:\/\/riterm.org\/index.php\/wp-json\/wp\/v2\/pages\/113\/revisions\/476"}],"wp:attachment":[{"href":"https:\/\/riterm.org\/index.php\/wp-json\/wp\/v2\/media?parent=113"}],"curies":[{"name":"wp","href":"https:\/\/api.w.org\/{rel}","templated":true}]}}

<div class="wp-block-cover has-background-dim" style="background-image:url(https://riterm.org/wp-content/uploads/2020/11/portug.jpg);min-height:267px;aspect-ratio:unset;"><div class="wp-block-cover__inner-container is-layout-flow wp-block-cover-is-layout-flow">
<p class="has-text-align-center" style="font-size:50px">Atual</p>
</div></div>



<hr class="wp-block-separator is-style-wide"/>



<p id="h.p_zBJKouMMJJUp"><strong>Presidente:</strong></p>



<p id="h.p_B41eamMoJRJE">Mary Ann Monteagudo Medina, Universidad Peruana de Ciencias Aplicadas, Peru</p>



<p id="h.p_rYvlXM66JRJE"><strong>Vice-Presidente:</strong></p>



<p id="h.p_uTb39Yu2JRJF">John Jairo Giraldo Ortiz, Universidad de Antioquia, Colômbia</p>



<p id="h.p_8IF6ZoSYJRJH"><strong>Secretaria:</strong></p>



<p id="h.p_OYefrGLJJRJH">Ioana Cornea, ENALT-Universidad Autónoma de México, México</p>



<p id="h.p_M2rb0NvuJRJI"><strong>Comunicações:</strong></p>



<p id="h.p_iuraBSA8JRJJ">Jorge M. Porras-Garzón, IULA-Universitat Pompeu Fabra, Espanha</p>



<p id="h.p_6hK94e8DJRJK"><strong>Revista Debate Terminológico:</strong></p>



<p id="h.p_U1bJL-4rJRJK">Jorge Lázaro, Universidad Autónoma de Baja California, México</p>



<p id="h.p_Io0TYecUJRJL"><strong>Representante da organização do XVII Simpósio:</strong></p>



<p id="h.p_n94yuPTjJRJM">Márcio Sales Santiago, Universidad Federal de Río Grande del Norte, Brasil</p>

<p>Presidente: Mary Ann Monteagudo Medina, Universidad Peruana de Ciencias Aplicadas, Peru Vice-Presidente: John Jairo Giraldo Ortiz, Universidad de Antioquia, Colômbia Secretaria: Ioana Cornea, ENALT-Universidad Autónoma de México, México Comunicações: Jorge M. Porras-Garzón, IULA-Universitat Pompeu Fabra, Espanha Revista Debate Terminológico: Jorge Lázaro, Universidad Autónoma de Baja California, México Representante da organização do XVII Simpósio: Márcio Sales [&hellip;]</p>
