{"id":104,"date":"2020-11-18T22:10:13","date_gmt":"2020-11-18T22:10:13","guid":{"rendered":"https:\/\/riterm.org\/index\/?page_id=104"},"modified":"2023-06-01T11:52:51","modified_gmt":"2023-06-01T11:52:51","slug":"adesao","status":"publish","type":"page","link":"https:\/\/riterm.org\/index.php\/adesao\/","title":{"rendered":"Ades\u00e3o"},"content":{"rendered":"\n<div class=\"wp-block-cover\" style=\"min-height:270px;aspect-ratio:unset;\"><span aria-hidden=\"true\" class=\"wp-block-cover__background has-background-dim-70 has-background-dim\"><\/span><img loading=\"lazy\" decoding=\"async\" width=\"2560\" height=\"1703\" class=\"wp-block-cover__image-background wp-image-259\" alt=\"\" src=\"https:\/\/riterm.org\/wp-content\/uploads\/2020\/11\/portug.jpg\" data-object-fit=\"cover\" srcset=\"https:\/\/riterm.org\/wp-content\/uploads\/2020\/11\/portug.jpg 2560w, https:\/\/riterm.org\/wp-content\/uploads\/2020\/11\/portug-300x200.jpg 300w, https:\/\/riterm.org\/wp-content\/uploads\/2020\/11\/portug-1024x681.jpg 1024w, https:\/\/riterm.org\/wp-content\/uploads\/2020\/11\/portug-768x511.jpg 768w, https:\/\/riterm.org\/wp-content\/uploads\/2020\/11\/portug-1536x1022.jpg 1536w, https:\/\/riterm.org\/wp-content\/uploads\/2020\/11\/portug-2048x1362.jpg 2048w\" sizes=\"auto, (max-width: 2560px) 100vw, 2560px\" \/><div class=\"wp-block-cover__inner-container is-layout-flow wp-block-cover-is-layout-flow\">\n<p class=\"has-text-align-center\" style=\"font-size:50px\">Ades\u00e3o<\/p>\n<\/div><\/div>\n\n\n\n<hr class=\"wp-block-separator has-css-opacity is-style-wide\"\/>\n\n\n\n<p>Podem ser membros da RITerm profissionais, professores, pesquisadores, alunos de p\u00f3s-gradua\u00e7\u00e3o e\/ou institui\u00e7\u00f5es que trabalham e\/ou atuam na \u00e1rea da Terminologia e \u00e1reas conexas, tais como Tradu\u00e7\u00e3o, Biblioteconomia, entre outras.<\/p>\n\n\n\n<p>Para associar-se, o interessado dever\u00e1 preencher a ficha de membro&nbsp;<a href=\"https:\/\/docs.google.com\/forms\/d\/e\/1FAIpQLSctgBKRnNKpsN3lWmMU_HV2EFixbQGSkyUdwYxfc_g7xE_sDQ\/viewform\" target=\"_blank\" rel=\"noreferrer noopener\"><strong>individual<\/strong><\/a>&nbsp;ou&nbsp;<a href=\"https:\/\/docs.google.com\/forms\/u\/3\/d\/e\/1FAIpQLSd3SFRaC0d-LWDt90CJQKlvXajpeX4JwMWSlEammDr8I51kfA\/viewform\" target=\"_blank\" rel=\"noreferrer noopener\"><strong>institucional<\/strong><\/a>&nbsp;e clicar em enviar.<\/p>\n\n\n\n<p>A ficha ser\u00e1 avaliada pelos membros do Comit\u00ea Executivo. Ap\u00f3s esta valia\u00e7\u00e3o, uma resposta ser\u00e1 enviada atrav\u00e9s de e-mail ao proponente.<\/p>\n\n\n\n<p>Conv\u00e9m mencionar que com a reestrutura\u00e7\u00e3o da RITerm, decidiu-se na Assembleia Geral, realizada no \u00e2mbito do XII Simp\u00f3sio Ibero-americano de Terminologia, que n\u00e3o haver\u00e1 mais cobran\u00e7a de quota anual para membros, sejam eles antigos ou novos.<\/p>\n","protected":false},"excerpt":{"rendered":"<p>Podem ser membros da RITerm profissionais, professores, pesquisadores, alunos de p\u00f3s-gradua\u00e7\u00e3o e\/ou institui\u00e7\u00f5es que trabalham e\/ou atuam na \u00e1rea da Terminologia e \u00e1reas conexas, tais como Tradu\u00e7\u00e3o, Biblioteconomia, entre outras. Para associar-se, o interessado dever\u00e1 preencher a ficha de membro&nbsp;individual&nbsp;ou&nbsp;institucional&nbsp;e clicar em enviar. A ficha ser\u00e1 avaliada pelos membros do Comit\u00ea Executivo. Ap\u00f3s esta valia\u00e7\u00e3o, [&hellip;]<\/p>\n","protected":false},"author":1,"featured_media":0,"parent":0,"menu_order":0,"comment_status":"closed","ping_status":"closed","template":"","meta":{"footnotes":""},"class_list":["post-104","page","type-page","status-publish","hentry"],"_links":{"self":[{"href":"https:\/\/riterm.org\/index.php\/wp-json\/wp\/v2\/pages\/104","targetHints":{"allow":["GET"]}}],"collection":[{"href":"https:\/\/riterm.org\/index.php\/wp-json\/wp\/v2\/pages"}],"about":[{"href":"https:\/\/riterm.org\/index.php\/wp-json\/wp\/v2\/types\/page"}],"author":[{"embeddable":true,"href":"https:\/\/riterm.org\/index.php\/wp-json\/wp\/v2\/users\/1"}],"replies":[{"embeddable":true,"href":"https:\/\/riterm.org\/index.php\/wp-json\/wp\/v2\/comments?post=104"}],"version-history":[{"count":8,"href":"https:\/\/riterm.org\/index.php\/wp-json\/wp\/v2\/pages\/104\/revisions"}],"predecessor-version":[{"id":605,"href":"https:\/\/riterm.org\/index.php\/wp-json\/wp\/v2\/pages\/104\/revisions\/605"}],"wp:attachment":[{"href":"https:\/\/riterm.org\/index.php\/wp-json\/wp\/v2\/media?parent=104"}],"curies":[{"name":"wp","href":"https:\/\/api.w.org\/{rel}","templated":true}]}}

Adesão

<div class="wp-block-cover" style="min-height:270px;aspect-ratio:unset;"><span aria-hidden="true" class="wp-block-cover__background has-background-dim-70 has-background-dim"></span><img loading="lazy" decoding="async" width="2560" height="1703" class="wp-block-cover__image-background wp-image-259" alt="" src="https://riterm.org/wp-content/uploads/2020/11/portug.jpg" data-object-fit="cover" srcset="https://riterm.org/wp-content/uploads/2020/11/portug.jpg 2560w, https://riterm.org/wp-content/uploads/2020/11/portug-300x200.jpg 300w, https://riterm.org/wp-content/uploads/2020/11/portug-1024x681.jpg 1024w, https://riterm.org/wp-content/uploads/2020/11/portug-768x511.jpg 768w, https://riterm.org/wp-content/uploads/2020/11/portug-1536x1022.jpg 1536w, https://riterm.org/wp-content/uploads/2020/11/portug-2048x1362.jpg 2048w" sizes="auto, (max-width: 2560px) 100vw, 2560px" /><div class="wp-block-cover__inner-container is-layout-flow wp-block-cover-is-layout-flow">
<p class="has-text-align-center" style="font-size:50px">Adesão</p>
</div></div>



<hr class="wp-block-separator has-css-opacity is-style-wide"/>



<p>Podem ser membros da RITerm profissionais, professores, pesquisadores, alunos de pós-graduação e/ou instituições que trabalham e/ou atuam na área da Terminologia e áreas conexas, tais como Tradução, Biblioteconomia, entre outras.</p>



<p>Para associar-se, o interessado deverá preencher a ficha de membro&nbsp;<a href="https://docs.google.com/forms/d/e/1FAIpQLSctgBKRnNKpsN3lWmMU_HV2EFixbQGSkyUdwYxfc_g7xE_sDQ/viewform" target="_blank" rel="noreferrer noopener"><strong>individual</strong></a>&nbsp;ou&nbsp;<a href="https://docs.google.com/forms/u/3/d/e/1FAIpQLSd3SFRaC0d-LWDt90CJQKlvXajpeX4JwMWSlEammDr8I51kfA/viewform" target="_blank" rel="noreferrer noopener"><strong>institucional</strong></a>&nbsp;e clicar em enviar.</p>



<p>A ficha será avaliada pelos membros do Comitê Executivo. Após esta valiação, uma resposta será enviada através de e-mail ao proponente.</p>



<p>Convém mencionar que com a reestruturação da RITerm, decidiu-se na Assembleia Geral, realizada no âmbito do XII Simpósio Ibero-americano de Terminologia, que não haverá mais cobrança de quota anual para membros, sejam eles antigos ou novos.</p>

<p>Podem ser membros da RITerm profissionais, professores, pesquisadores, alunos de pós-graduação e/ou instituições que trabalham e/ou atuam na área da Terminologia e áreas conexas, tais como Tradução, Biblioteconomia, entre outras. Para associar-se, o interessado deverá preencher a ficha de membro&nbsp;individual&nbsp;ou&nbsp;institucional&nbsp;e clicar em enviar. A ficha será avaliada pelos membros do Comitê Executivo. Após esta valiação, [&hellip;]</p>
