{"id":102,"date":"2020-11-18T22:07:59","date_gmt":"2020-11-18T22:07:59","guid":{"rendered":"https:\/\/riterm.org\/index\/?page_id=102"},"modified":"2025-07-24T11:14:07","modified_gmt":"2025-07-24T16:14:07","slug":"institucionais","status":"publish","type":"page","link":"https:\/\/riterm.org\/index.php\/institucionais\/","title":{"rendered":"Institucionais"},"content":{"rendered":"\n<hr class=\"wp-block-separator has-css-opacity is-style-wide\"\/>\n\n\n\n<h1 class=\"wp-block-heading\">Institucionais<\/h1>\n\n\n\n<p><a href=\"#argentina\">Argentina<\/a><br>       \n<a href=\"#brasil\">Brasil<\/a><br>        \n<a href=\"#canada\">Canad\u00e1<\/a><br>        \n<a href=\"#chile\">Chile<\/a><br>        \n<a href=\"#colombia\">Col\u00f4mbia<\/a><br>        \n<a href=\"#cuba\">Cuba<\/a><br>        \n<a href=\"#espana\">Espanha<\/a><br>      \n<a href=\"#EEUU\">Estados Unidos<\/a><br>        \n<a href=\"#francia\">Fran\u00e7a<\/a><br>        \n<a href=\"#mexico\">M\u00e9xico<\/a><br>       \n<a href=\"#paraguay\">Paraguai<\/a><br>      \n<a href=\"#peru\">Peru<\/a><br>       \n<a href=\"#portugal\">Portugal<\/a><br>        \n<a href=\"#venezuela\">Venezuela<\/a><\/p>\n\n\n\n<h2 class=\"wp-block-heading\"><a name=\"argentina\" id=\"0101\"><\/a>Argentina<\/h2>\n\n\n\n<p id=\"h.p_bu7VK4hcWuxy\"><strong>Centro de Traducci\u00f3n y Terminolog\u00eda (CETRATER) &#8211; Universidad Nacional de Tucum\u00e1n<\/strong><br>Elena Acevedo de Bomba &#8211; trayter@filo.unt.edu.ar, evabomba@gmail.com, evabomba@arnet.com.ar<br>Elena Victoria Acevedo de Pomba &#8211; evabomba@gmail.com<br>Lucila Cabrera<br>Mar\u00eda del Carmen Pil\u00fa<br>N\u00e9lida Sibaldi de Pastensi<\/p>\n\n\n\n<p id=\"h.p_3byMXK2yWux4\"><strong><a href=\"https:\/\/www.traductores.org.ar\/\" data-type=\"URL\" data-id=\"https:\/\/www.traductores.org.ar\/\" target=\"_blank\" rel=\"noreferrer noopener\">Colegio de Traductores P\u00fablicos de la Ciudad de Buenos Aires (CTPCBA)<\/a><\/strong><br>info@traductores.org.ar<\/p>\n\n\n\n<p><a href=\"http:\/\/www.coltrad-cba.org.ar\" data-type=\"link\" data-id=\"www.coltrad-cba.org.ar\"><strong>Colegio de Traductores P\u00fablicos de la Provincia de C\u00f3rdoba<\/strong><\/a><br>V\u00edctor Hugo Sajoza Juric<br>presidencia@coltrad-cba.org.ar<\/p>\n\n\n\n<p><a href=\"https:\/\/gitel.lenguas.unc.edu.ar\/\"><strong>Facultad de Lenguas, Universidad Nacional de C\u00f3rdoba, Argentina<\/strong><\/a><br>Mar\u00eda Paula Garda \/\/ Mar\u00eda Laura Perassi<br>gitel@lenguas.unc.edu.ar; mpaulagarda@unc.edu.ar; mlauraperassi@unc.edu.ar<\/p>\n\n\n\n<p id=\"h.p_47wFvFx-Wux6\"><strong><a href=\"http:\/\/www.caicyt.gov.ar\/coteca\" data-type=\"URL\" data-id=\"http:\/\/www.caicyt.gov.ar\/coteca\" target=\"_blank\" rel=\"noreferrer noopener\">Grupo Argentino de Investigaci\u00f3n y Docencia en Terminolog\u00eda y Texto (TERMTEX)<\/a><\/strong><br>Andre\u00edna Adelstein &#8211; aadelste@ungs.edu.ar, andreina.adelstein@gmail.com<br>Guiomar Elena Ciapuscio &#8211; gciapusc@mail.retina.com.ar<br>In\u00e8s Kugel &#8211; ikuguel@ungs.edu.ar<br>Marina Berri &#8211; marina.berri@gmail.com<br>Susana Gallardo &#8211; sgallardo@bl.fcen.uba.ar<\/p>\n\n\n\n<p id=\"h.p_GGOxBrIDWux_\"><strong><a rel=\"noreferrer noopener\" href=\"http:\/\/www.termar-gruarter.org.ar\" data-type=\"URL\" data-id=\"http:\/\/www.termar-gruarter.org.ar\" target=\"_blank\">Grupo Argentino de Terminolog\u00eda (TermAR)<\/a><\/strong><br>Carolina Popp &#8211; cpopp@elsitio.net<\/p>\n\n\n\n<p id=\"h.p_S1nm2_z7WuyB\"><strong><a rel=\"noreferrer noopener\" href=\"https:\/\/gitel.lenguas.unc.edu.ar\/\" data-type=\"URL\" data-id=\"http:\/\/www.lenguas.unc.edu.ar\/cit.html\" target=\"_blank\">Grupo de Investigaci\u00f3n en Terminolog\u00eda (GITEL)<\/a> &#8211; Universidad Nacional de C\u00f3rdoba<\/strong><br>gitel@lenguas.unc.edu.ar<br>Mar\u00eda Paula Garda &#8211; mpaulagarda@unc.edu.ar<br>Mar\u00eda Laura Perassi &#8211; mlauraperassi@unc.edu.ar<br>+54 93547634678<\/p>\n\n\n\n<h2 class=\"wp-block-heading\"><a name=\"brasil\" id=\"0102\"><\/a>Brasil<\/h2>\n\n\n\n<p id=\"h.p_fkuop7wgWuyH\"><strong><a href=\"http:\/\/www.fflch.usp.br\/citrat\" data-type=\"URL\" data-id=\"http:\/\/www.fflch.usp.br\/citrat\" target=\"_blank\" rel=\"noreferrer noopener\">Centro Inderdepartamental de Tradu\u00e7\u00e3o e Terminologia (CITRAT)<\/a> &#8211; Universidade de S\u00e3o Paulo<\/strong><br>Francis Henrik Aubert &#8211; fhaubert@hotmail.com<br>Ieda Maria Alves &#8211; iemalves@uol.com.br<br>Maria Aparecida Barbosa &#8211; mapbarbosa@uol.com.br<br>Mari\u00e2ngela de Ara\u00fajo &#8211; armariangela@yahoo.com.br<br>Jo\u00e3o Azenha Junior &#8211; azenha@usp.br<\/p>\n\n\n\n<p id=\"h.p_RVBFoMF0WuyM\"><strong><a rel=\"noreferrer noopener\" href=\"http:\/\/projeto.unisinos.br\/termilex\" data-type=\"URL\" data-id=\"http:\/\/projeto.unisinos.br\/termilex\" target=\"_blank\">Grupo TermiLex<\/a> &#8211; Universidade do Vale do Rio dos Sinos<\/strong><br>Maria da Gra\u00e7a Krieger &#8211; mkrieger@unisinos.br<br>Adila Beatriz Naud de Moura &#8211; adila@unisinos.br<br>Alexandra Feldekircher M\u00fcller &#8211; alexandra.f.m@gmail.com<br>Fabrina Cristina Possamai Camilotti &#8211; bina.camilotti@gmail.com<br>M\u00e1rcio Sales Santiago &#8211; mssantiago12@gmail.com<br>Rosinalda Pereira Batista &#8211; rosikmf@gmail.com<br>\u00darsula Maria Pletsch &#8211; ulipletsch@yahoo.com.br<\/p>\n\n\n\n<p id=\"h.p_z51UQKtYWuyS\"><strong><a href=\"http:\/\/www.ufrgs.br\/termisul\" data-type=\"URL\" data-id=\"http:\/\/www.ufrgs.br\/termisul\" target=\"_blank\" rel=\"noreferrer noopener\">Projeto TERMISUL<\/a><\/strong> <strong>&#8211; Universidade Federal do Rio Grande do Sul<\/strong><br>Ana Elisa Bocorny &#8211; ana.bocorny@gmail.com<br>Anna Maria Becker Maciel &#8211; anna.becker@terra.com.br<br>Cl\u00e1udia Mendon\u00e7a Scheerem \u2013 msclaudi@gmail.com<br>Cleci Regina Bevilacqua &#8211; cleci.bevilacqua@gmail.com<br>Cristiane Krause Kilian &#8211; ckkilian@cpovo.net<br>Denise Regina Sale &#8211; denise.sales@uol.com.br<br>Maria Jos\u00e9 Bocorny Finatto &#8211; mariafinatto@gmail.com<br>Patr\u00edcia Chittoni Ramos Reuillard &#8211; patriciaram@terra.com.br<br>Sandra Dias Logu\u00e9rcio &#8211; sandraloguercio@hotmail.com<\/p>\n\n\n\n<p id=\"h.p_nCj7x7TbWuyd\"><strong>Universidade de S\u00e3o Paulo &#8211; Escola de Comunica\u00e7\u00f5es e Artes<\/strong><br>Marilda Lopes Ginez de Lara &#8211; larama@usp.br<br>Anna Maria Marques Cintra &#8211; acintra@sti.com.br<br>Johanna W. Smit &#8211; cbdjoke@usp.br<br>Maria de F\u00e1tima G. Moreira T\u00e1lamo &#8211; mfgmtala@usp.br<br>Nair Yumiko Kobashi &#8211; nykobash@usp.br<br>V\u00e2nia Mara Alves Lima &#8211; vamal@usp.br<\/p>\n\n\n\n<h2 class=\"wp-block-heading\"><a name=\"canada\" id=\"0101\"><\/a>Canad\u00e1<\/h2>\n\n\n\n<p id=\"h.p_FQhbW7pIWuyh\"><strong><a rel=\"noreferrer noopener\" href=\"http:\/\/www.btb.gc.ca\" data-type=\"URL\" data-id=\"http:\/\/www.btb.gc.ca\" target=\"_blank\">Bureau de la Traduction\/Translation Bureau &#8211; Normalisation terminologique\/Terminology Standardization<\/a><\/strong><br>Gabriel Huard &#8211; gabriel.huard@tpsgc.gc.ca<br>Mich\u00e8le Valiquette &#8211; Michele.Valiquette@pwgsc.gc.ca<br>Nicole S\u00e9vigny &#8211; nicole.sevigny@tpsgc.gc.ca<\/p>\n\n\n\n<p id=\"h.p_5g-fTLcoWuyk\"><strong><a rel=\"noreferrer noopener\" href=\"http:\/\/www.oqlf.gouv.qc.ca\" data-type=\"URL\" data-id=\"http:\/\/www.oqlf.gouv.qc.ca\" target=\"_blank\">Office Qu\u00e9b\u00e9cois de la Langue Fran\u00e7aise<\/a><\/strong><br>Tina C\u00e9lestin &#8211; tcelesti@oqlf.gouv.qc.ca<br>Annie Galarneau &#8211; Annie.Galarneau@oqlf.gouv.qc.ca<br>Claire Martin &#8211; Claire.Martin@oqlf.gouv.qc.ca<br>Louis-Jean Rousseau &#8211; louis-jean.rousseau@laposte.net<br>Lucie Auger &#8211; Lucie.Auger@oqlf.gouv.qc.ca<\/p>\n\n\n\n<h2 class=\"wp-block-heading\"><a name=\"chile\" id=\"0103\"><\/a>Chile<\/h2>\n\n\n\n<p id=\"h.p_ehdvbvpdWuyq\"><strong><a rel=\"noreferrer noopener\" href=\"http:\/\/www.puc.cl\/iletras\" data-type=\"URL\" data-id=\"http:\/\/www.puc.cl\/iletras\" target=\"_blank\">Pontificia Universidad Cat\u00f3lica de Chile<\/a><\/strong><br>Mar\u00eda Isabel Di\u00e9guez Morales &#8211; mdieguez@uc.cl<br>Anabelle Alicia Vargas Z\u00fa\u00f1iga &#8211; btuc@uc.cl<br>Camilo Quezada Gaponov &#8211; cequezad@uc.cl<br>Monique Zachary Gilon &#8211; mzachary@uc.cl<br>Rosa Mar\u00eda Lazo Rodr\u00edguez &#8211; rlazo@uc.cl<\/p>\n\n\n\n<p><strong><a rel=\"noreferrer noopener\" href=\"https:\/\/www.udec.cl\/pexterno\/\" data-type=\"URL\" data-id=\"https:\/\/www.udec.cl\/pexterno\/\" target=\"_blank\">Universidad de Concepci\u00f3n<\/a><\/strong><br>Paola Isabel Ca\u00f1ete Gonz\u00e1lez &#8211; pcanete@udec.cl<br>+56 412 204 540<\/p>\n\n\n\n<h2 class=\"wp-block-heading\"><a name=\"colombia\" id=\"0104\"><\/a>Col\u00f4mbia<\/h2>\n\n\n\n<p id=\"h.p_Q1EU_JvMWuy0\"><strong>Banco de la Rep\u00fablica &#8211; Biblioteca Luis Angel Arango<\/strong><br>Carlos Alberto Zapata C\u00e1rdenas &#8211; czapatca@banrep.gov.co<br>Luis Alejandro Concistre Diazgranados &#8211; lconcidi@banrep.gov.co<br>Rosa Francisca L\u00f3pez Rodr\u00edguez &#8211; rlopezr@banrep.gov.co<br>Rosa Myriam Buitrago Camargo &#8211; lvacarod@banrep.gov.co<\/p>\n\n\n\n<p><a href=\"https:\/\/www.udea.edu.co\/wps\/portal\/udea\/web\/inicio\/unidades-academicas\/idiomas\" data-type=\"link\" data-id=\"https:\/\/www.udea.edu.co\/wps\/portal\/udea\/web\/inicio\/unidades-academicas\/idiomas\"><strong>Escuela de Idiomas de la Universidad de Antioquia<\/strong><\/a><br>John Jairo Giraldo &#8211; john.giraldo@udea.edu.co<\/p>\n\n\n\n<p id=\"h.p_Sfo5JSj9Wuy1\"><strong><a href=\"http:\/\/www.autonoma.edu.co\" data-type=\"URL\" data-id=\"http:\/\/www.autonoma.edu.co\" target=\"_blank\" rel=\"noreferrer noopener\">Grupo de investigaci\u00f3n CITERM<\/a><\/strong> <strong>&#8211;<\/strong> <strong>Universidad Aut\u00f3noma de Manizales<\/strong><br>Mar\u00eda Mercedes Su\u00e1rez de la Torre &#8211; mercedessuarez@autonoma.edu.co , mercedessuarez17@gmail.com<br>Oscar Andr\u00e9s Calvache Dulce &#8211; oscarac@autonoma.edu.co<br>M\u00f3nica Naranjo Ruiz &#8211; mnaranjo@autonoma.edu.co<br>Carmenza R\u00edos Cardona &#8211; carmrios@autonoma.edu.co<br>Andrea Su\u00e1rez Salazar &#8211; abshara11@gmail.com<\/p>\n\n\n\n<p id=\"h.p_VyiFjTNfWuy7\"><strong><a rel=\"noreferrer noopener\" href=\"https:\/\/www.udea.edu.co\/wps\/portal\/udea\/web\/inicio\/investigacion\/grupos-investigacion\/ciencias-sociales\/informacion-conocimiento-sociedad\/eigic\" data-type=\"URL\" data-id=\"https:\/\/www.udea.edu.co\/wps\/portal\/udea\/web\/inicio\/investigacion\/grupos-investigacion\/ciencias-sociales\/informacion-conocimiento-sociedad\/eigic\" target=\"_blank\">Grupo de Investigaci\u00f3n en Informaci\u00f3n, Conocimiento y Sociedad (L\u00ednea Estudios interdisciplinarios de la gesti\u00f3n de la informaci\u00f3n y el conocimiento-EIGIC)<\/a><\/strong> <strong>&#8211; Universidad de Antioquia<\/strong><br>Carlos Arturo Montoya &#8211; carlosarturomontoya@gmail.com<br>Ana Mar\u00eda Tangarife &#8211; ana.tangarife@udea.edu.co<br>John Jairo Giraldo &#8211; john.giraldo@udea.edu.co<br>Mar\u00eda Teresa M\u00fanera &#8211; maria.munera@udea.edu.co<br>Nataly Nieto &#8211; nataly.nieto@udea.edu.co<br>Alexander Betancur &#8211; alexander.betancur@udea.edu.co<br>Yennifer Alexandra Montoya &#8211; yalexandra.montoya@udea.edu.co<br>Manuela Quir\u00f3s G\u00f3mez &#8211; manuela.quirozg@udea.edu.co<\/p>\n\n\n\n<p id=\"h.p_4N6j-lOGWuzB\"><strong><a rel=\"noreferrer noopener\" href=\"https:\/\/www.google.com\/url?q=https%3A%2F%2Fsites.google.com%2Fa%2Fcorreounivalle.edu.co%2Fgrupo-de-investigacion-en-traduccion-y-terminologia%2F&amp;sa=D&amp;sntz=1&amp;usg=AFQjCNEli4dZwY-e27SL8nqh884xTpo3BA\" data-type=\"URL\" data-id=\"https:\/\/www.google.com\/url?q=https%3A%2F%2Fsites.google.com%2Fa%2Fcorreounivalle.edu.co%2Fgrupo-de-investigacion-en-traduccion-y-terminologia%2F&amp;sa=D&amp;sntz=1&amp;usg=AFQjCNEli4dZwY-e27SL8nqh884xTpo3BA\" target=\"_blank\">Grupo en Traducci\u00f3n y Terminolog\u00eda Traduterm<\/a> &#8211; Universidad del Valle<\/strong><br>Emma Rodr\u00edguez Camacho &#8211; emma.rodriguez@correounivalle.edu.co<br>Isabel Cristina Tenorio Rebolledo &#8211; isabel.tenorio@correounivalle.edu.co<br>Omaira Vergara Luj\u00e1n &#8211; omaira.vergara@correounivalle.edu.co<\/p>\n\n\n\n<h2 class=\"wp-block-heading\"><a name=\"cuba\" id=\"0104\"><\/a>Cuba<\/h2>\n\n\n\n<p id=\"h.p_IMI4w5BHWuzG\"><strong><a href=\"http:\/\/www.esti.cu\/referencia.html\" data-type=\"URL\" data-id=\"http:\/\/www.esti.cu\/referencia.html\" target=\"_blank\" rel=\"noreferrer noopener\">Equipo de Servicios de Traductores e Int\u00e9rpretes (ESTI)<\/a> &#8211; Secci\u00f3n de Referencia y Terminolog\u00eda<\/strong><br>Haymee Santos Vald\u00e9s &#8211; haymee.santos@esti.cu<br>Tania Mar\u00eda \u00c1lvarez Gonz\u00e1lez &#8211; taniamaria.alvarez@esti.cu<br>Martha Cruz Rodr\u00edguez &#8211; martha.cruz@esti.cu<br>Yadira Guerra Santana &#8211; yadira.guerra@esti.cu<\/p>\n\n\n\n<p id=\"h.p_f4n4wj06WuzI\"><strong><a rel=\"noreferrer noopener\" href=\"http:\/\/www.ill.cu\/linguistica.html\" data-type=\"URL\" data-id=\"http:\/\/www.ill.cu\/linguistica.html\" target=\"_blank\">Instituto de Literatura y Ling\u00fc\u00edstica Jos\u00e9 Antonio Portuondo Valdor<\/a><\/strong><br>Nuria Gregori Torada &#8211; ill@ceniai.inf.cu<br>Aurora M. Camacho Barreiro &#8211; aurora63cu@yahoo.com<br>Isabel Mart\u00ednez Gordo &#8211; ill@ceniai.inf.cu<\/p>\n\n\n\n<p id=\"h.p_maySDLyKWuzM\"><strong>Uni\u00f3n Latina &#8211; Oficina de Cuba<\/strong><br>Rodolfo Alp\u00edzar Castillo &#8211; ulcuba@enet.cu<\/p>\n\n\n\n<p id=\"h.p_ecasg1M1WuzN\"><strong><a rel=\"noreferrer noopener\" href=\"http:\/\/www.flex.uh.cu\" data-type=\"URL\" data-id=\"www.flex.uh.cu\" target=\"_blank\">Universidad de La Habana<\/a><\/strong><br>Delia V\u00e1zquez B\u00e9jar &#8211; delia.vazquez@flex.uh.cu<br>Alba Pardo &#8211; apardo@flex.uh.cu<br>Ana Curbeira &#8211; acurbeira@flex.uh.cu<br>Cristina Elena Bello &#8211; ulises2811@yahoo.com<br>Mayra Quiroga &#8211; ernel@ffh.uh.cu<\/p>\n\n\n\n<h2 class=\"wp-block-heading\"><a name=\"espana\" id=\"0105\"><\/a>Espanha<\/h2>\n\n\n\n<p id=\"h.p_KUVuu622WuzR\"><strong><a rel=\"noreferrer noopener\" href=\"http:\/\/www.aeter.org\" data-type=\"URL\" data-id=\"http:\/\/www.aeter.org\" target=\"_blank\">Asociaci\u00f3n Espa\u00f1ola de Terminolog\u00eda (AETER)<\/a><\/strong><br>Joaqu\u00edn Garc\u00eda Palacios &#8211; gpalacios@usal.es<br>Nava Maroto Garc\u00eda &#8211; mariadelanava.maroto@upm.es<br>Mar\u00eda Rosa Castro Prieto &#8211; mariar.castro@uam.es<br>Chelo Vargas Sierra &#8211; chelo.vargas@ua.es<br>Iria Da Cunha Fanego &#8211; iriad@flog.uned.es<br>Imanol Urbieta &#8211; iurbieta@uzei.eus<br>Miguel \u00c1ngel Candel Mora &#8211; mcandel@upv.es<\/p>\n\n\n\n<p id=\"h.p_Ur1atof0Wuzj\"><strong><a rel=\"noreferrer noopener\" href=\"http:\/\/www.termcat.cat\" data-type=\"URL\" data-id=\"http:\/\/www.termcat.cat\" target=\"_blank\">TERMCAT &#8211; Centre de Terminologia de la Llengua Catalana<\/a><\/strong><br>Rosa Colomer i Artigas &#8211; rcolomer@termcat.cat<br>Gloria Fontova i Hugas &#8211; gfontova@termcat.cat<br>Jordi Bover i Salvado &#8211; jbover@termcat.cat<br>Maria Navas i Jara &#8211; mnavas@termcat.cat<br>Xavier Fargas i Valero &#8211; xfargas@termcat.cat<\/p>\n\n\n\n<p id=\"h.p_YBCXUVmLWuzm\"><strong><a rel=\"noreferrer noopener\" href=\"http:\/\/www.iula.upf.edu\/iulaterm\" data-type=\"URL\" data-id=\"http:\/\/www.iula.upf.edu\/iulaterm\" target=\"_blank\">Grup IULATERM<\/a> &#8211; Universitat Pompeu Fabra<\/strong><br>Judith Freixa Aymerich &#8211; judit.freixa@upf.edu<br>Jorge M. Porras-Garz\u00f3n &#8211; jorgemario.porras@upf.edu<br>Maria Teresa Cabr\u00e9 Castellv\u00ed &#8211; teresa.cabre@upf.edu<br>Merc\u00e8 Lorente Casafont &#8211; merce.lorente@upf.edu, iulasecretaria@upf.edu<br>Rosa Estop\u00e0 Bagot &#8211; rosa.estopa@upf.edu<br>Iria da Cunha Fanego &#8211; iria.dacunha@upf.edu<\/p>\n\n\n\n<p id=\"h.p_tlLCsAgdWuzq\"><strong><a rel=\"noreferrer noopener\" href=\"http:\/\/www.cindoc.csic.es\" data-type=\"URL\" data-id=\"http:\/\/www.cindoc.csic.es\" target=\"_blank\">Grupo de Investigaci\u00f3n TermEsp<\/a> &#8211; Instituto de Estudios Documentales sobre Ciencia y Tecnolog\u00eda<\/strong><br>Ignacio Ahumada Lara &#8211; iahumada@cindoc.csic.es<br>\u00c1ngeles Maldonado Mart\u00ednez &#8211; urbasoc@cindoc.csic.es<br>Marisol Hernando Tundidor &#8211; Marisol@cindoc.csic.es<br>Sylvia Fern\u00e1ndez G\u00f3mez &#8211; fernandez@cindoc.csic.es<br>Teresa Abej\u00f3n Pe\u00f1a &#8211; arte@cindoc.csic.es<\/p>\n\n\n\n<p id=\"h.p_yIuReVzyWuzu\"><strong><a href=\"http:\/\/www3.uva.es\/itbyte\/\" data-type=\"URL\" data-id=\"http:\/\/www3.uva.es\/itbyte\/\" target=\"_blank\" rel=\"noreferrer noopener\">Instituto de Terminolog\u00eda Biling\u00fce y Traducci\u00f3n Especializada (ITBYTE)<\/a><\/strong> <strong>&#8211; Universidad de Valladolid<\/strong><br>Beatriz Cend\u00f3n M\u00e9ndez &#8211; cendon@lia.uva.es<\/p>\n\n\n\n<p id=\"h.p_ISiB20ErWuzw\"><strong><a rel=\"noreferrer noopener\" href=\"http:\/\/www.iulma.es\" data-type=\"URL\" data-id=\"http:\/\/www.iulma.es\" target=\"_blank\">Instituto Interuniversitario de Lenguas Modernas Aplicadas (IULMA)<\/a><\/strong><br>Chelo Vargas Sierra &#8211; chelo.vargas@ua.es<br>Jos\u00e9 Mateo Mart\u00ednez &#8211; jose.mateo@ua.es<\/p>\n\n\n\n<p><strong><a rel=\"noreferrer noopener\" href=\"https:\/\/scaterm.llocs.iec.cat\/\" data-type=\"URL\" data-id=\"https:\/\/scaterm.llocs.iec.cat\/\" target=\"_blank\">Societat Catalana de Terminologia (SCATERM)<\/a><\/strong><br>Ester Bonet Sol\u00e9 &#8211; scaterm@iec.cat<br>+34 935 52 91 04<\/p>\n\n\n\n<p id=\"h.p_5YRrzYvgWuzz\"><strong><a rel=\"noreferrer noopener\" href=\"http:\/\/www.slgterminologia.uib.cat\" data-type=\"URL\" data-id=\"http:\/\/www.slgterminologia.uib.cat\" target=\"_blank\">Universitat de les Illes Balears &#8211; Gabinet de Terminologia<\/a><\/strong><br>M. Magdalena Ramon Andreu &#8211; slgmra@uib.es<br>Flora Gual Pons &#8211; slgfgp@uib.es<\/p>\n\n\n\n<p id=\"h.p_4697-hm1Wuz1\"><strong><a rel=\"noreferrer noopener\" href=\"http:\/\/www.usc.es\/snl\" data-type=\"URL\" data-id=\"http:\/\/www.usc.es\/snl\" target=\"_blank\">Universidade de Santiago de Compostela &#8211; Servizo de Normalizaci\u00f3n Ling\u00fc\u00edstica<\/a><\/strong><br>Manuel N\u00fa\u00f1ez Singala &#8211; snlusc@usc.es<br>Xusto Rodr\u00edguez R\u00edo &#8211; snlxusto@usc.es<\/p>\n\n\n\n<h2 class=\"wp-block-heading\"><a name=\"EEUU\" id=\"0106\"><\/a>Estados Unidos<\/h2>\n\n\n\n<p id=\"h.p_khAyKBJZWuz3\"><strong><a href=\"http:\/\/www.microsoft.com\" data-type=\"URL\" data-id=\"www.microsoft.com\" target=\"_blank\" rel=\"noreferrer noopener\">Microsoft<\/a><\/strong><br>Paula Barreto de Mattos &#8211; paulabm@microsoft.com<br>Alma Kharrat &#8211; almakhar@microsoft.com<br>Brigitte Guillalot &#8211; brigittg@microsoft.com<br>Elena V\u00e9lez Amezaga &#8211; elenava@microsoft.com<br>Alfredo Maldonado Guerra &#8211; amguerra@microsoft.com<\/p>\n\n\n\n<h2 class=\"wp-block-heading\"><a name=\"francia\" id=\"0106\"><\/a>Fran\u00e7a<\/h2>\n\n\n\n<p id=\"h.p_F4mSZZfIWuz7\"><strong><a rel=\"noreferrer noopener\" href=\"http:\/\/dtil.unilat.org\" data-type=\"URL\" data-id=\"http:\/\/dtil.unilat.org\" target=\"_blank\">Union Latine &#8211; Direction Terminologie et Industries de la Langue (DTIL)<\/a><\/strong><br>Daniel Prado &#8211; d.prado@unilat.org<\/p>\n\n\n\n<h2 class=\"wp-block-heading\"><a name=\"mexico\" id=\"0108\"><\/a>M\u00e9xico<\/h2>\n\n\n\n<p id=\"h.p_PgX1P3UQWuz7\"><strong><a rel=\"noreferrer noopener\" href=\"http:\/\/www.colmex.mx\" data-type=\"URL\" data-id=\"http:\/\/www.colmex.mx\" target=\"_blank\">El Colegio de M\u00e9xico &#8211; Centro de Estudios Ling\u00fc\u00edsticos y Literarios (COLMEX)<\/a><\/strong><br>Luis Fernando Lara &#8211; lara@colmex.mx<br>Elena Bogomila Lozanova &#8211; ebogomil@colmex.mx, ebogomil@gmx.net<br>Mar\u00eda Pozzi Pardo &#8211; pozzi@colmex.mx<\/p>\n\n\n\n<p><strong><a href=\"https:\/\/idiomas.mxl.uabc.mx\/\">Facultad de Idiomas Mexicali<\/a><\/strong> &#8211; <strong>Universidad Aut\u00f3noma de Baja California<\/strong><br>Rafael Sald\u00edvar Arreola &#8211; rafaelsaldivar@uabc.edu.mx<\/p>\n\n\n\n<p id=\"h.p_lSa2SwkBWuz-\"><strong><a rel=\"noreferrer noopener\" href=\"http:\/\/www.iling.unam.mx\" data-type=\"URL\" data-id=\"http:\/\/www.iling.unam.mx\" target=\"_blank\">Grupo de Ingenier\u00eda Ling\u00fc\u00edstica<\/a><\/strong> <strong>&#8211; Universidad Nacional Aut\u00f3noma de M\u00e9xico<\/strong><br>Gerardo Eugenio Sierra Mart\u00ednez &#8211; gsierram@iingen.unam.mx<br>Alfonso Medina Urrea &#8211; amedinau@iingen.unam.mx<br>Antonio Reyes P\u00e9rez &#8211; areyesp@iingen.unam.mx<br>C\u00e9sar Antonio Aguilar &#8211; caguilar@iingen.unam.mx<br>Gabriel Gardu\u00f1o Torres &#8211; ggardunot@iingen.unam.mx<\/p>\n\n\n\n<p id=\"h.p_H-0aP3p-Wu0K\"><strong><a href=\"http:\/\/www.acatlan.unam.mx\" data-type=\"URL\" data-id=\"http:\/\/www.acatlan.unam.mx\" target=\"_blank\" rel=\"noreferrer noopener\">Seminario de Lexicolog\u00eda, Lexicografia y Terminolog\u00eda<\/a><\/strong> <strong>&#8211; Universidad Nacional Aut\u00f3noma de M\u00e9xico<\/strong><br>Dora Hilda Fuentes &#8211; echemend@mx.internet.net<br>Luis Felipe Estrada &#8211; luises05@yahoo.com.mx<br>Mar\u00eda Gloria Uribe Pizano &#8211; ubgp@prodigy.net.mx<br>Nidia Ojeda Rosado &#8211; nidiaojeda@hotmail.com<\/p>\n\n\n\n<p id=\"h.p_5iL6lyonWu0O\"><strong>Servicios Profesionales en Lenguas &#8211; Divisi\u00f3n Acad\u00e9mica y de Investigaci\u00f3n<\/strong><br>Carlo Sergio Villalobos Oriani &#8211; orianiconsultores@yahoo.com.mx<br>Mar\u00eda del Carmen Ch\u00e1vez Garc\u00eda &#8211; mcchavez@prodigy.net.mx<br>Silvia Ang\u00e9lica Rodr\u00edguez Gonz\u00e1lez &#8211; arodrig1@prodigy.net.mx<\/p>\n\n\n\n<h2 class=\"wp-block-heading\"><a name=\"paraguay\" id=\"0109\"><\/a>Paraguai<\/h2>\n\n\n\n<p id=\"h.p_5-PVtlD3Wu0T\"><strong>Comisi\u00f3n Paraguaya de Terminolog\u00eda (PARATERM)<\/strong> <strong>&#8211; Universidad Nacional de Asunci\u00f3n<\/strong><br>Susana Bobadilla &#8211; sbobadilla@pol.una.py, susanabobadilla@mixmail.com<br>Marina Colm\u00e1n de Ledesma &#8211; mcolman@pol.una.py<br>Rosa Amarilla de Ferreira da Costa &#8211; rosa.fdacosta@gmail.com<br>Mercedes Salinas<\/p>\n\n\n\n<h2 class=\"wp-block-heading\"><a name=\"peru\" id=\"0109\"><\/a>Peru<\/h2>\n\n\n\n<p><strong><a href=\"https:\/\/www.colegiodetraductores.org.pe\/\" data-type=\"link\" data-id=\"https:\/\/www.colegiodetraductores.org.pe\/\">Colegio de Traductores del Per\u00fa<\/a><\/strong><br>Mary Ann Monteagudo Medina &#8211; secretaria@colegiodetraductores.org.pe; administracion@colegiodetraductores.org.pe<\/p>\n\n\n\n<p id=\"h.p_2pMxbEcAWu0W\"><strong><a href=\"https:\/\/www.urp.edu.pe\/centros-institutos-y-museo\/institutos\/instituto-de-terminologia-ricardo-palma-termpalma\/\" data-type=\"link\" data-id=\"https:\/\/www.urp.edu.pe\/centros-institutos-y-museo\/institutos\/instituto-de-terminologia-ricardo-palma-termpalma\/\">Instituto de Terminolog\u00eda Ricardo Palma (TERMPALMA)<\/a><\/strong><br>Rosa Elvira Luna Garc\u00eda &#8211; termpalma@urp.edu.pe<\/p>\n\n\n\n<h2 class=\"wp-block-heading\"><a name=\"portugal\" id=\"0110\"><\/a>Portugal<\/h2>\n\n\n\n<p id=\"h.p_lIMyuEtvWu0Z\"><strong><a href=\"http:\/\/www.parlamento.pt\" data-type=\"URL\" data-id=\"http:\/\/www.parlamento.pt\" target=\"_blank\" rel=\"noreferrer noopener\">Assembleia da Rep\u00fablica &#8211; Biblioteca<\/a><\/strong><br>Jos\u00e9 Lu\u00eds Tom\u00e9 &#8211; Jose-Luis.Tome@ar.parlamento.pt, bib@centro.parlamento.pt<br>Luis Leontina &#8211; Leontina.luis@ar.parlamento.pt<br>Zara Almeida &#8211; Zara.almeida@ar.parlamento.pt<\/p>\n\n\n\n<p><br><strong><a href=\"https:\/\/ciac.pt\/grupos-de-trabalho-e-polos\/comunicacao-de-em-ciencia-e-culturas\/\">CIAC &#8211; Centro de Investiga\u00e7\u00e3o em Artes e Comunica\u00e7\u00e3o<\/a><\/strong>, <strong>Universidade do Algarve<\/strong><br>Manuel C\u00e9lio Concei\u00e7ao &#8211; mconcei@ualg.pt<\/p>\n\n\n\n<p id=\"h.p_qlhaPC7DWu0h\"><strong><a rel=\"noreferrer noopener\" href=\"http:\/\/www.iltec.pt\" data-type=\"URL\" data-id=\"http:\/\/www.iltec.pt\" target=\"_blank\">Instituto de Lingu\u00edstica Te\u00f3rica e Computacional (ILTEC)<\/a><\/strong><br>Margarita Correia Ferreira &#8211; margarita.correia@gmail.com<br>Mar\u00eda Am\u00e9lia D\u00f3ria &#8211; mad@iltec.pt<br>Ana Margarida Mineiro Rodrigues Rebello de Andrade &#8211; ara@iltec.pt<br>Mafalda Antunes &#8211; mafalda.antunes@iltec.pt<br>Rita Gon\u00e7alves &#8211; ritalpg@iltec.pt<\/p>\n\n\n\n<p id=\"h.p_BBWozFLMWu0l\"><strong><a href=\"http:\/\/www2.fcsh.unl.pt\/termip\" data-type=\"URL\" data-id=\"http:\/\/www2.fcsh.unl.pt\/termip\" target=\"_blank\" rel=\"noreferrer noopener\">Universidade Nova de Lisboa &#8211; Centro de Lingu\u00edstica<\/a><\/strong><br>Raquel Alves Silva &#8211; silvaraquel@hotmail.com<br>Rute Costa &#8211; mop47542@mail.telepac.pt<\/p>\n\n\n\n<h2 class=\"wp-block-heading\"><a name=\"venezuela\" id=\"0111\"><\/a>Venezuela<\/h2>\n\n\n\n<p id=\"h.p_VFHZuD0yWu0r\"><strong>Asociaci\u00f3n Venezolana de Terminolog\u00eda (VenTerm)<\/strong><br>Alicia Fedor de Diego &#8211; alicia_fedor@yahoo.com, venterm@gmail.com, afedor@usb.ve<br>Carlos Eduardo Le\u00e1\u00f1ez Aristimu\u00f1o &#8211; carlosleanez@gmail.com<\/p>\n","protected":false},"excerpt":{"rendered":"<p>Institucionais Argentina Brasil Canad\u00e1 Chile Col\u00f4mbia Cuba Espanha Estados Unidos Fran\u00e7a M\u00e9xico Paraguai Peru Portugal Venezuela Argentina Centro de Traducci\u00f3n y Terminolog\u00eda (CETRATER) &#8211; Universidad Nacional de Tucum\u00e1nElena Acevedo de Bomba &#8211; trayter@filo.unt.edu.ar, evabomba@gmail.com, evabomba@arnet.com.arElena Victoria Acevedo de Pomba &#8211; evabomba@gmail.comLucila CabreraMar\u00eda del Carmen Pil\u00faN\u00e9lida Sibaldi de Pastensi Colegio de Traductores P\u00fablicos de la Ciudad [&hellip;]<\/p>\n","protected":false},"author":1,"featured_media":0,"parent":0,"menu_order":0,"comment_status":"closed","ping_status":"closed","template":"","meta":{"footnotes":""},"class_list":["post-102","page","type-page","status-publish","hentry"],"_links":{"self":[{"href":"https:\/\/riterm.org\/index.php\/wp-json\/wp\/v2\/pages\/102","targetHints":{"allow":["GET"]}}],"collection":[{"href":"https:\/\/riterm.org\/index.php\/wp-json\/wp\/v2\/pages"}],"about":[{"href":"https:\/\/riterm.org\/index.php\/wp-json\/wp\/v2\/types\/page"}],"author":[{"embeddable":true,"href":"https:\/\/riterm.org\/index.php\/wp-json\/wp\/v2\/users\/1"}],"replies":[{"embeddable":true,"href":"https:\/\/riterm.org\/index.php\/wp-json\/wp\/v2\/comments?post=102"}],"version-history":[{"count":14,"href":"https:\/\/riterm.org\/index.php\/wp-json\/wp\/v2\/pages\/102\/revisions"}],"predecessor-version":[{"id":1739,"href":"https:\/\/riterm.org\/index.php\/wp-json\/wp\/v2\/pages\/102\/revisions\/1739"}],"wp:attachment":[{"href":"https:\/\/riterm.org\/index.php\/wp-json\/wp\/v2\/media?parent=102"}],"curies":[{"name":"wp","href":"https:\/\/api.w.org\/{rel}","templated":true}]}}